Last updated on 2025-10-24 04:51:08 CEST.
| Flavor | Version | Tinstall | Tcheck | Ttotal | Status | Flags |
|---|---|---|---|---|---|---|
| r-devel-linux-x86_64-debian-clang | 2.0.2 | 7.01 | 49.68 | 56.69 | NOTE | |
| r-devel-linux-x86_64-debian-gcc | 2.0.2 | 4.27 | 35.17 | 39.44 | NOTE | |
| r-devel-linux-x86_64-fedora-clang | 2.0.2 | 13.00 | 74.10 | 87.10 | OK | |
| r-devel-linux-x86_64-fedora-gcc | 2.0.2 | 14.00 | 81.83 | 95.83 | OK | |
| r-devel-windows-x86_64 | 2.0.2 | 6.00 | 74.00 | 80.00 | OK | |
| r-patched-linux-x86_64 | 2.0.2 | 6.71 | 46.04 | 52.75 | OK | |
| r-release-linux-x86_64 | 2.0.2 | 6.55 | 46.40 | 52.95 | OK | |
| r-release-macos-arm64 | 2.0.2 | 3.00 | 30.00 | 33.00 | OK | |
| r-release-macos-x86_64 | 2.0.2 | 4.00 | 60.00 | 64.00 | OK | |
| r-release-windows-x86_64 | 2.0.2 | 6.00 | 78.00 | 84.00 | OK | |
| r-oldrel-macos-arm64 | 2.0.2 | 3.00 | 27.00 | 30.00 | OK | |
| r-oldrel-macos-x86_64 | 2.0.2 | 4.00 | 45.00 | 49.00 | OK | |
| r-oldrel-windows-x86_64 | 2.0.2 | 7.00 | 83.00 | 90.00 | OK |
Version: 2.0.2
Check: CRAN incoming feasibility
Result: NOTE
Maintainer: ‘William Wheeler <WheelerB@imsweb.com>’
No Authors@R field in DESCRIPTION.
Please add one, modifying
Authors@R: c(person(given = c("Mitchell", "H."),
family = "Gail",
role = "aut"),
person(given = "William",
family = "Wheeler",
role = "cre",
email = "WheelerB@imsweb.com"))
as necessary.
Flavors: r-devel-linux-x86_64-debian-clang, r-devel-linux-x86_64-debian-gcc