Last updated on 2025-10-22 05:51:26 CEST.
Flavor | Version | Tinstall | Tcheck | Ttotal | Status | Flags |
---|---|---|---|---|---|---|
r-devel-linux-x86_64-debian-clang | 1.1.0 | 12.88 | 158.27 | 171.15 | NOTE | |
r-devel-linux-x86_64-debian-gcc | 1.1.0 | 8.41 | 110.51 | 118.92 | NOTE | |
r-devel-linux-x86_64-fedora-clang | 1.1.0 | 48.00 | 220.50 | 268.50 | OK | |
r-devel-linux-x86_64-fedora-gcc | 1.1.0 | 27.00 | 236.31 | 263.31 | OK | |
r-devel-windows-x86_64 | 1.1.0 | 17.00 | 169844.00 | 169861.00 | OK | |
r-patched-linux-x86_64 | 1.1.0 | 13.47 | 152.17 | 165.64 | OK | |
r-release-linux-x86_64 | 1.1.0 | 11.57 | 150.44 | 162.01 | OK | |
r-release-macos-arm64 | 1.1.0 | 8.00 | 73.00 | 81.00 | OK | |
r-release-macos-x86_64 | 1.1.0 | 10.00 | 130.00 | 140.00 | OK | |
r-release-windows-x86_64 | 1.1.0 | 16.00 | 172.00 | 188.00 | OK | |
r-oldrel-macos-arm64 | 1.1.0 | 8.00 | 79.00 | 87.00 | OK | |
r-oldrel-macos-x86_64 | 1.1.0 | 11.00 | 150.00 | 161.00 | OK | |
r-oldrel-windows-x86_64 | 1.1.0 | 20.00 | 232.00 | 252.00 | OK |
Version: 1.1.0
Check: HTML version of manual
Result: NOTE
Found the following HTML validation problems:
breaks-class.html:56:1 (breaks-class.Rd:19): Warning: missing </ul> before </div>
Flavors: r-devel-linux-x86_64-debian-clang, r-devel-linux-x86_64-debian-gcc