Last updated on 2025-10-22 05:51:26 CEST.
Flavor | Version | Tinstall | Tcheck | Ttotal | Status | Flags |
---|---|---|---|---|---|---|
r-devel-linux-x86_64-debian-clang | 0.1.5 | 12.14 | 224.77 | 236.91 | NOTE | |
r-devel-linux-x86_64-debian-gcc | 0.1.5 | 7.25 | 146.16 | 153.41 | NOTE | |
r-devel-linux-x86_64-fedora-clang | 0.1.5 | 24.00 | 339.00 | 363.00 | OK | |
r-devel-linux-x86_64-fedora-gcc | 0.1.5 | 29.00 | 345.32 | 374.32 | OK | |
r-devel-windows-x86_64 | 0.1.5 | 13.00 | 222.00 | 235.00 | OK | |
r-patched-linux-x86_64 | 0.1.5 | 12.69 | 211.15 | 223.84 | OK | |
r-release-linux-x86_64 | 0.1.5 | 11.18 | 213.66 | 224.84 | OK | |
r-release-macos-arm64 | 0.1.5 | 4.00 | 90.00 | 94.00 | OK | |
r-release-macos-x86_64 | 0.1.5 | 12.00 | 185.00 | 197.00 | OK | |
r-release-windows-x86_64 | 0.1.5 | 14.00 | 227.00 | 241.00 | OK | |
r-oldrel-macos-arm64 | 0.1.5 | 5.00 | 108.00 | 113.00 | OK | |
r-oldrel-macos-x86_64 | 0.1.5 | 12.00 | 186.00 | 198.00 | OK | |
r-oldrel-windows-x86_64 | 0.1.5 | 17.00 | 279.00 | 296.00 | OK |
Version: 0.1.5
Check: HTML version of manual
Result: NOTE
Found the following HTML validation problems:
dot-sapflow_tidy.html:47:1 (dot-sapflow_tidy.Rd:10): Warning: missing </ul> before </div>
initialize-sfn_data-method.html:123:1 (initialize-sfn_data-method.Rd:62): Warning: missing </ul> before </div>
initialize-sfn_data_multi-method.html:51:1 (initialize-sfn_data_multi-method.Rd:12): Warning: missing </ul> before </div>
sfn_metrics.html:151:1 (sfn_metrics.Rd:84): Warning: <h3> anchor ".funs" already defined
show-sfn_data-method.html:47:1 (show-sfn_data-method.Rd:10): Warning: missing </ul> before </div>
show-sfn_data_multi-method.html:47:1 (show-sfn_data_multi-method.Rd:10): Warning: missing </ul> before </div>
Flavors: r-devel-linux-x86_64-debian-clang, r-devel-linux-x86_64-debian-gcc