Last updated on 2025-10-22 05:51:26 CEST.
Flavor | Version | Tinstall | Tcheck | Ttotal | Status | Flags |
---|---|---|---|---|---|---|
r-devel-linux-x86_64-debian-clang | 0.1.5 | 7.60 | 67.98 | 75.58 | NOTE | |
r-devel-linux-x86_64-debian-gcc | 0.1.5 | 5.72 | 51.97 | 57.69 | NOTE | |
r-devel-linux-x86_64-fedora-clang | 0.1.5 | 14.00 | 103.09 | 117.09 | OK | |
r-devel-linux-x86_64-fedora-gcc | 0.1.5 | 16.00 | 110.13 | 126.13 | OK | |
r-devel-windows-x86_64 | 0.1.5 | 9.00 | 92.00 | 101.00 | OK | |
r-patched-linux-x86_64 | 0.1.5 | 7.08 | 65.36 | 72.44 | OK | |
r-release-linux-x86_64 | 0.1.5 | 7.30 | 65.84 | 73.14 | OK | |
r-release-macos-arm64 | 0.1.5 | 4.00 | 52.00 | 56.00 | OK | |
r-release-macos-x86_64 | 0.1.5 | 11.00 | 94.00 | 105.00 | OK | |
r-release-windows-x86_64 | 0.1.5 | 9.00 | 89.00 | 98.00 | OK | |
r-oldrel-macos-arm64 | 0.1.5 | 6.00 | 72.00 | 78.00 | OK | |
r-oldrel-macos-x86_64 | 0.1.5 | 6.00 | 117.00 | 123.00 | OK | |
r-oldrel-windows-x86_64 | 0.1.5 | 11.00 | 103.00 | 114.00 | OK |
Version: 0.1.5
Check: HTML version of manual
Result: NOTE
Found the following HTML validation problems:
sas_engine.html:46:1 (sas_engine.Rd:10): Warning: missing </ul> before </div>
Flavors: r-devel-linux-x86_64-debian-clang, r-devel-linux-x86_64-debian-gcc