Last updated on 2025-10-22 05:51:26 CEST.
Flavor | Version | Tinstall | Tcheck | Ttotal | Status | Flags |
---|---|---|---|---|---|---|
r-devel-linux-x86_64-debian-clang | 0.4.7 | 36.39 | 455.21 | 491.60 | NOTE | |
r-devel-linux-x86_64-debian-gcc | 0.4.7 | 21.63 | 331.61 | 353.24 | NOTE | |
r-devel-linux-x86_64-fedora-clang | 0.4.7 | 72.00 | 708.30 | 780.30 | OK | |
r-devel-linux-x86_64-fedora-gcc | 0.4.7 | 85.00 | 692.45 | 777.45 | OK | |
r-devel-windows-x86_64 | 0.4.7 | 40.00 | 233.00 | 273.00 | OK | |
r-patched-linux-x86_64 | 0.4.7 | 35.37 | 437.98 | 473.35 | OK | |
r-release-linux-x86_64 | 0.4.7 | 32.72 | 434.51 | 467.23 | OK | |
r-release-macos-arm64 | 0.4.7 | 14.00 | 151.00 | 165.00 | OK | |
r-release-macos-x86_64 | 0.4.7 | 23.00 | 291.00 | 314.00 | OK | |
r-release-windows-x86_64 | 0.4.7 | 45.00 | 235.00 | 280.00 | OK | |
r-oldrel-macos-arm64 | 0.4.7 | 14.00 | 169.00 | 183.00 | OK | |
r-oldrel-macos-x86_64 | 0.4.7 | 24.00 | 304.00 | 328.00 | OK | |
r-oldrel-windows-x86_64 | 0.4.7 | 51.00 | 311.00 | 362.00 | OK |
Version: 0.4.7
Check: HTML version of manual
Result: NOTE
Found the following HTML validation problems:
BipartiteSBM.html:361:1 (BipartiteSBM.Rd:214): Warning: missing </ul> before </div>
BipartiteSBM.html:162:1 (BipartiteSBM.Rd:99): Warning: <h5> anchor "Usage" already defined
BipartiteSBM.html:168:1 (BipartiteSBM.Rd:103): Warning: <h5> anchor "Arguments" already defined
BipartiteSBM.html:198:1 (BipartiteSBM.Rd:119): Warning: <h5> anchor "Usage" already defined
BipartiteSBM.html:204:1 (BipartiteSBM.Rd:123): Warning: <h5> anchor "Arguments" already defined
BipartiteSBM.html:217:1 (BipartiteSBM.Rd:130): Warning: <h5> anchor "Returns" already defined
BipartiteSBM.html:234:1 (BipartiteSBM.Rd:139): Warning: <h5> anchor "Usage" already defined
BipartiteSBM.html:240:1 (BipartiteSBM.Rd:143): Warning: <h5> anchor "Arguments" already defined
BipartiteSBM.html:265:1 (BipartiteSBM.Rd:158): Warning: <h5> anchor "Usage" already defined
BipartiteSBM.html:271:1 (BipartiteSBM.Rd:162): Warning: <h5> anchor "Arguments" already defined
BipartiteSBM.html:294:1 (BipartiteSBM.Rd:175): Warning: <h5> anchor "Usage" already defined
BipartiteSBM.html:304:1 (BipartiteSBM.Rd:183): Warning: <h5> anchor "Arguments" already defined
BipartiteSBM.html:321:1 (BipartiteSBM.Rd:194): Warning: <h5> anchor "Returns" already defined
BipartiteSBM.html:338:1 (BipartiteSBM.Rd:203): Warning: <h5> anchor "Usage" already defined
BipartiteSBM.html:344:1 (BipartiteSBM.Rd:207): Warning: <h5> anchor "Arguments" already defined
BipartiteSBM_fit.html:279:1 (BipartiteSBM_fit.Rd:161): Warning: missing </ul> before </div>
BipartiteSBM_fit.html:152:1 (BipartiteSBM_fit.Rd:88): Warning: <h5> anchor "Usage" already defined
BipartiteSBM_fit.html:158:1 (BipartiteSBM_fit.Rd:92): Warning: <h5> anchor "Arguments" already defined
BipartiteSBM_fit.html:182:1 (BipartiteSBM_fit.Rd:106): Warning: <h5> anchor "Usage" already defined
BipartiteSBM_fit.html:188:1 (BipartiteSBM_fit.Rd:110): Warning: <h5> anchor "Arguments" already defined
BipartiteSBM_fit.html:211:1 (BipartiteSBM_fit.Rd:123): Warning: <h5> anchor "Usage" already defined
BipartiteSBM_fit.html:227:1 (BipartiteSBM_fit.Rd:133): Warning: <h5> anchor "Usage" already defined
BipartiteSBM_fit.html:233:1 (BipartiteSBM_fit.Rd:137): Warning: <h5> anchor "Arguments" already defined
BipartiteSBM_fit.html:256:1 (BipartiteSBM_fit.Rd:150): Warning: <h5> anchor "Usage" already defined
BipartiteSBM_fit.html:262:1 (BipartiteSBM_fit.Rd:154): Warning: <h5> anchor "Arguments" already defined
MultipartiteSBM.html:262:1 (MultipartiteSBM.Rd:161): Warning: missing </ul> before </div>
MultipartiteSBM.html:157:1 (MultipartiteSBM.Rd:98): Warning: <h5> anchor "Usage" already defined
MultipartiteSBM.html:163:1 (MultipartiteSBM.Rd:102): Warning: <h5> anchor "Arguments" already defined
MultipartiteSBM.html:186:1 (MultipartiteSBM.Rd:115): Warning: <h5> anchor "Usage" already defined
MultipartiteSBM.html:202:1 (MultipartiteSBM.Rd:125): Warning: <h5> anchor "Usage" already defined
MultipartiteSBM.html:212:1 (MultipartiteSBM.Rd:133): Warning: <h5> anchor "Arguments" already defined
MultipartiteSBM.html:239:1 (MultipartiteSBM.Rd:150): Warning: <h5> anchor "Usage" already defined
MultipartiteSBM.html:245:1 (MultipartiteSBM.Rd:154): Warning: <h5> anchor "Arguments" already defined
MultipartiteSBM_fit.html:268:1 (MultipartiteSBM_fit.Rd:146): Warning: missing </ul> before </div>
MultipartiteSBM_fit.html:134:1 (MultipartiteSBM_fit.Rd:70): Warning: <h5> anchor "Usage" already defined
MultipartiteSBM_fit.html:140:1 (MultipartiteSBM_fit.Rd:74): Warning: <h5> anchor "Arguments" already defined
MultipartiteSBM_fit.html:163:1 (MultipartiteSBM_fit.Rd:87): Warning: <h5> anchor "Usage" already defined
MultipartiteSBM_fit.html:187:1 (MultipartiteSBM_fit.Rd:101): Warning: <h5> anchor "Usage" already defined
MultipartiteSBM_fit.html:193:1 (MultipartiteSBM_fit.Rd:105): Warning: <h5> anchor "Arguments" already defined
MultipartiteSBM_fit.html:216:1 (MultipartiteSBM_fit.Rd:118): Warning: <h5> anchor "Usage" already defined
MultipartiteSBM_fit.html:222:1 (MultipartiteSBM_fit.Rd:122): Warning: <h5> anchor "Arguments" already defined
MultipartiteSBM_fit.html:245:1 (MultipartiteSBM_fit.Rd:135): Warning: <h5> anchor "Usage" already defined
MultipartiteSBM_fit.html:251:1 (MultipartiteSBM_fit.Rd:139): Warning: <h5> anchor "Arguments" already defined
MultiplexSBM_fit.html:302:1 (MultiplexSBM_fit.Rd:167): Warning: missing </ul> before </div>
MultiplexSBM_fit.html:161:1 (MultiplexSBM_fit.Rd:84): Warning: <h5> anchor "Usage" already defined
MultiplexSBM_fit.html:167:1 (MultiplexSBM_fit.Rd:88): Warning: <h5> anchor "Arguments" already defined
MultiplexSBM_fit.html:190:1 (MultiplexSBM_fit.Rd:101): Warning: <h5> anchor "Usage" already defined
MultiplexSBM_fit.html:200:1 (MultiplexSBM_fit.Rd:109): Warning: <h5> anchor "Arguments" already defined
MultiplexSBM_fit.html:227:1 (MultiplexSBM_fit.Rd:126): Warning: <h5> anchor "Usage" already defined
MultiplexSBM_fit.html:233:1 (MultiplexSBM_fit.Rd:130): Warning: <h5> anchor "Arguments" already defined
MultiplexSBM_fit.html:256:1 (MultiplexSBM_fit.Rd:143): Warning: <h5> anchor "Usage" already defined
MultiplexSBM_fit.html:279:1 (MultiplexSBM_fit.Rd:156): Warning: <h5> anchor "Usage" already defined
MultiplexSBM_fit.html:285:1 (MultiplexSBM_fit.Rd:160): Warning: <h5> anchor "Arguments" already defined
SBM.html:257:1 (SBM.Rd:155): Warning: missing </ul> before </div>
SBM.html:153:1 (SBM.Rd:97): Warning: <h5> anchor "Usage" already defined
SBM.html:159:1 (SBM.Rd:101): Warning: <h5> anchor "Arguments" already defined
SBM.html:189:1 (SBM.Rd:117): Warning: <h5> anchor "Usage" already defined
SBM.html:195:1 (SBM.Rd:121): Warning: <h5> anchor "Arguments" already defined
SBM.html:218:1 (SBM.Rd:134): Warning: <h5> anchor "Usage" already defined
SBM.html:234:1 (SBM.Rd:144): Warning: <h5> anchor "Usage" already defined
SBM.html:240:1 (SBM.Rd:148): Warning: <h5> anchor "Arguments" already defined
SimpleSBM.html:371:1 (SimpleSBM.Rd:220): Warning: missing </ul> before </div>
SimpleSBM.html:165:1 (SimpleSBM.Rd:102): Warning: <h5> anchor "Usage" already defined
SimpleSBM.html:171:1 (SimpleSBM.Rd:106): Warning: <h5> anchor "Arguments" already defined
SimpleSBM.html:201:1 (SimpleSBM.Rd:122): Warning: <h5> anchor "Usage" already defined
SimpleSBM.html:207:1 (SimpleSBM.Rd:126): Warning: <h5> anchor "Arguments" already defined
SimpleSBM.html:220:1 (SimpleSBM.Rd:133): Warning: <h5> anchor "Returns" already defined
SimpleSBM.html:237:1 (SimpleSBM.Rd:142): Warning: <h5> anchor "Usage" already defined
SimpleSBM.html:243:1 (SimpleSBM.Rd:146): Warning: <h5> anchor "Arguments" already defined
SimpleSBM.html:258:1 (SimpleSBM.Rd:155): Warning: <h5> anchor "Returns" already defined
SimpleSBM.html:275:1 (SimpleSBM.Rd:164): Warning: <h5> anchor "Usage" already defined
SimpleSBM.html:281:1 (SimpleSBM.Rd:168): Warning: <h5> anchor "Arguments" already defined
SimpleSBM.html:304:1 (SimpleSBM.Rd:181): Warning: <h5> anchor "Usage" already defined
SimpleSBM.html:314:1 (SimpleSBM.Rd:189): Warning: <h5> anchor "Arguments" already defined
SimpleSBM.html:331:1 (SimpleSBM.Rd:200): Warning: <h5> anchor "Returns" already defined
SimpleSBM.html:348:1 (SimpleSBM.Rd:209): Warning: <h5> anchor "Usage" already defined
SimpleSBM.html:354:1 (SimpleSBM.Rd:213): Warning: <h5> anchor "Arguments" already defined
SimpleSBM_fit.html:282:1 (SimpleSBM_fit.Rd:164): Warning: missing </ul> before </div>
SimpleSBM_fit.html:155:1 (SimpleSBM_fit.Rd:91): Warning: <h5> anchor "Usage" already defined
SimpleSBM_fit.html:161:1 (SimpleSBM_fit.Rd:95): Warning: <h5> anchor "Arguments" already defined
SimpleSBM_fit.html:185:1 (SimpleSBM_fit.Rd:109): Warning: <h5> anchor "Usage" already defined
SimpleSBM_fit.html:191:1 (SimpleSBM_fit.Rd:113): Warning: <h5> anchor "Arguments" already defined
SimpleSBM_fit.html:214:1 (SimpleSBM_fit.Rd:126): Warning: <h5> anchor "Usage" already defined
SimpleSBM_fit.html:230:1 (SimpleSBM_fit.Rd:136): Warning: <h5> anchor "Usage" already defined
SimpleSBM_fit.html:236:1 (SimpleSBM_fit.Rd:140): Warning: <h5> anchor "Arguments" already defined
SimpleSBM_fit.html:259:1 (SimpleSBM_fit.Rd:153): Warning: <h5> anchor "Usage" already defined
SimpleSBM_fit.html:265:1 (SimpleSBM_fit.Rd:157): Warning: <h5> anchor "Arguments" already defined
Flavors: r-devel-linux-x86_64-debian-clang, r-devel-linux-x86_64-debian-gcc