Last updated on 2025-10-22 05:51:26 CEST.
Flavor | Version | Tinstall | Tcheck | Ttotal | Status | Flags |
---|---|---|---|---|---|---|
r-devel-linux-x86_64-debian-clang | 1.4.1 | 3.13 | 40.25 | 43.38 | NOTE | |
r-devel-linux-x86_64-debian-gcc | 1.4.1 | 2.52 | 31.86 | 34.38 | NOTE | |
r-devel-linux-x86_64-fedora-clang | 1.4.1 | 63.16 | OK | |||
r-devel-linux-x86_64-fedora-gcc | 1.4.1 | 10.00 | 67.68 | 77.68 | OK | |
r-devel-windows-x86_64 | 1.4.1 | 6.00 | 63.00 | 69.00 | OK | |
r-patched-linux-x86_64 | 1.4.1 | 4.26 | 37.30 | 41.56 | OK | |
r-release-linux-x86_64 | 1.4.1 | 2.98 | 36.82 | 39.80 | OK | |
r-release-macos-arm64 | 1.4.1 | 2.00 | 29.00 | 31.00 | OK | |
r-release-macos-x86_64 | 1.4.1 | 4.00 | 52.00 | 56.00 | OK | |
r-release-windows-x86_64 | 1.4.1 | 6.00 | 66.00 | 72.00 | OK | |
r-oldrel-macos-arm64 | 1.4.1 | 2.00 | 34.00 | 36.00 | OK | |
r-oldrel-macos-x86_64 | 1.4.1 | 3.00 | 58.00 | 61.00 | OK | |
r-oldrel-windows-x86_64 | 1.4.1 | 7.00 | 75.00 | 82.00 | OK |
Version: 1.4.1
Check: HTML version of manual
Result: NOTE
Found the following HTML validation problems:
initialize_sciencebase_session.html:62:1 (initialize_sciencebase_session.Rd:18): Warning: missing </ul> before </div>
item_replace_files.html:75:1 (item_replace_files.Rd:27): Warning: missing </ul> before </div>
sbtools_GET.html:52:1 (sbtools_GET.Rd:13): Warning: missing </ul> before </div>
sbtools_POST.html:56:1 (sbtools_POST.Rd:15): Warning: missing </ul> before </div>
sbtools_PUT.html:56:1 (sbtools_PUT.Rd:15): Warning: missing </ul> before </div>
Flavors: r-devel-linux-x86_64-debian-clang, r-devel-linux-x86_64-debian-gcc