Last updated on 2025-07-19 08:48:51 CEST.
Flavor | Version | Tinstall | Tcheck | Ttotal | Status | Flags |
---|---|---|---|---|---|---|
r-devel-linux-x86_64-debian-clang | 1.3 | 7.57 | 73.48 | 81.05 | NOTE | |
r-devel-linux-x86_64-debian-gcc | 1.3 | 5.04 | 58.55 | 63.59 | NOTE | |
r-devel-linux-x86_64-fedora-clang | 1.3 | 126.73 | OK | |||
r-devel-linux-x86_64-fedora-gcc | 1.3 | 118.59 | OK | |||
r-devel-windows-x86_64 | 1.3 | 8.00 | 88.00 | 96.00 | OK | |
r-patched-linux-x86_64 | 1.3 | 6.63 | 73.83 | 80.46 | OK | |
r-release-linux-x86_64 | 1.3 | 7.07 | 73.21 | 80.28 | OK | |
r-release-macos-arm64 | 1.3 | 49.00 | OK | |||
r-release-macos-x86_64 | 1.3 | 82.00 | OK | |||
r-release-windows-x86_64 | 1.3 | 8.00 | 84.00 | 92.00 | OK | |
r-oldrel-macos-arm64 | 1.3 | 46.00 | OK | |||
r-oldrel-macos-x86_64 | 1.3 | 67.00 | OK | |||
r-oldrel-windows-x86_64 | 1.3 | 10.00 | 106.00 | 116.00 | OK |
Version: 1.3
Check: CRAN incoming feasibility
Result: NOTE
Maintainer: ‘Daniel Osorio <dcosorioh@utexas.edu>’
Package CITATION file contains call(s) to old-style personList() or
as.personList(). Please use c() on person objects instead.
Package CITATION file contains call(s) to old-style citEntry(). Please
use bibentry() instead.
Flavors: r-devel-linux-x86_64-debian-clang, r-devel-linux-x86_64-debian-gcc