Last updated on 2025-10-24 04:51:08 CEST.
| Flavor | Version | Tinstall | Tcheck | Ttotal | Status | Flags |
|---|---|---|---|---|---|---|
| r-devel-linux-x86_64-debian-clang | 0.2-2 | 3.05 | 29.25 | 32.30 | NOTE | |
| r-devel-linux-x86_64-debian-gcc | 0.2-2 | 2.25 | 22.82 | 25.07 | NOTE | |
| r-devel-linux-x86_64-fedora-clang | 0.2-2 | 14.00 | 35.28 | 49.28 | OK | |
| r-devel-linux-x86_64-fedora-gcc | 0.2-2 | 47.12 | OK | |||
| r-devel-windows-x86_64 | 0.2-2 | 6.00 | 50.00 | 56.00 | OK | |
| r-patched-linux-x86_64 | 0.2-2 | 3.19 | 28.02 | 31.21 | OK | |
| r-release-linux-x86_64 | 0.2-2 | 2.59 | 28.47 | 31.06 | OK | |
| r-release-macos-arm64 | 0.2-2 | 2.00 | 19.00 | 21.00 | OK | |
| r-release-macos-x86_64 | 0.2-2 | 4.00 | 36.00 | 40.00 | OK | |
| r-release-windows-x86_64 | 0.2-2 | 8.00 | 52.00 | 60.00 | OK | |
| r-oldrel-macos-arm64 | 0.2-2 | 3.00 | 12.00 | 15.00 | OK | |
| r-oldrel-macos-x86_64 | 0.2-2 | 4.00 | 27.00 | 31.00 | OK | |
| r-oldrel-windows-x86_64 | 0.2-2 | 6.00 | 61.00 | 67.00 | OK |
Version: 0.2-2
Check: CRAN incoming feasibility
Result: NOTE
Maintainer: ‘Yining Chen <y.chen101@lse.ac.uk>’
No Authors@R field in DESCRIPTION.
Please add one, modifying
Authors@R: c(person(given = "Yining",
family = "Chen",
role = c("aut", "cre"),
email = "y.chen101@lse.ac.uk"),
person(given = "Richard",
family = "Samworth",
role = "aut"))
as necessary.
Flavors: r-devel-linux-x86_64-debian-clang, r-devel-linux-x86_64-debian-gcc