Last updated on 2025-10-24 04:51:08 CEST.
| Flavor | Version | Tinstall | Tcheck | Ttotal | Status | Flags |
|---|---|---|---|---|---|---|
| r-devel-linux-x86_64-debian-clang | 2.0.3 | 1.84 | 21.60 | 23.44 | NOTE | |
| r-devel-linux-x86_64-debian-gcc | 2.0.3 | 1.46 | 17.28 | 18.74 | NOTE | |
| r-devel-linux-x86_64-fedora-clang | 2.0.3 | 31.97 | OK | |||
| r-devel-linux-x86_64-fedora-gcc | 2.0.3 | 31.16 | OK | |||
| r-devel-windows-x86_64 | 2.0.3 | 3.00 | 39.00 | 42.00 | OK | |
| r-patched-linux-x86_64 | 2.0.3 | 1.84 | 19.22 | 21.06 | OK | |
| r-release-linux-x86_64 | 2.0.3 | 1.66 | 18.98 | 20.64 | OK | |
| r-release-macos-arm64 | 2.0.3 | 1.00 | 28.00 | 29.00 | OK | |
| r-release-macos-x86_64 | 2.0.3 | 2.00 | 22.00 | 24.00 | OK | |
| r-release-windows-x86_64 | 2.0.3 | 2.00 | 40.00 | 42.00 | OK | |
| r-oldrel-macos-arm64 | 2.0.3 | 1.00 | 13.00 | 14.00 | OK | |
| r-oldrel-macos-x86_64 | 2.0.3 | 2.00 | 26.00 | 28.00 | OK | |
| r-oldrel-windows-x86_64 | 2.0.3 | 3.00 | 46.00 | 49.00 | OK |
Version: 2.0.3
Check: CRAN incoming feasibility
Result: NOTE
Maintainer: ‘Jeffrey A. Dahlke <jeff.dahlke.phd@gmail.com>’
No Authors@R field in DESCRIPTION.
Please add one, modifying
Authors@R: person(given = c("Jeffrey", "A."),
family = "Dahlke",
role = c("aut", "cre"),
email = "jeff.dahlke.phd@gmail.com")
as necessary.
Flavors: r-devel-linux-x86_64-debian-clang, r-devel-linux-x86_64-debian-gcc
Version: 2.0.3
Check: HTML version of manual
Result: NOTE
Found the following HTML validation problems:
print.html:44:1 (print.Rd:9): Warning: missing </ul> before </div>
Flavor: r-devel-linux-x86_64-debian-clang