Last updated on 2025-07-19 08:48:51 CEST.
Flavor | Version | Tinstall | Tcheck | Ttotal | Status | Flags |
---|---|---|---|---|---|---|
r-devel-linux-x86_64-debian-clang | 0.1.1 | 145.66 | 238.89 | 384.55 | OK | |
r-devel-linux-x86_64-debian-gcc | 0.1.1 | 114.04 | 170.97 | 285.01 | OK | |
r-devel-linux-x86_64-fedora-clang | 0.1.1 | 672.99 | OK | |||
r-devel-linux-x86_64-fedora-gcc | 0.1.1 | 682.34 | OK | |||
r-devel-windows-x86_64 | 0.1.1 | 230.00 | 264.00 | 494.00 | OK | |
r-patched-linux-x86_64 | 0.1.1 | 160.15 | 233.10 | 393.25 | OK | |
r-release-linux-x86_64 | 0.1.1 | 157.69 | 234.57 | 392.26 | OK | |
r-release-macos-arm64 | 0.1.1 | 209.00 | OK | |||
r-release-macos-x86_64 | 0.1.1 | 325.00 | OK | |||
r-release-windows-x86_64 | 0.1.1 | 228.00 | 264.00 | 492.00 | OK | |
r-oldrel-macos-arm64 | 0.1.1 | 199.00 | NOTE | |||
r-oldrel-macos-x86_64 | 0.1.1 | 363.00 | NOTE | |||
r-oldrel-windows-x86_64 | 0.1.1 | 265.00 | 334.00 | 599.00 | NOTE |
Version: 0.1.1
Check: installed package size
Result: NOTE
installed size is 31.7Mb
sub-directories of 1Mb or more:
cppad 9.4Mb
include 4.6Mb
libs 17.1Mb
Flavors: r-oldrel-macos-arm64, r-oldrel-macos-x86_64, r-oldrel-windows-x86_64