CRAN Package Check Results for Package scriptloc

Last updated on 2025-10-22 05:51:26 CEST.

Flavor Version Tinstall Tcheck Ttotal Status Flags
r-devel-linux-x86_64-debian-clang 1.0.0 1.63 22.05 23.68 NOTE
r-devel-linux-x86_64-debian-gcc 1.0.0 1.32 18.21 19.53 NOTE
r-devel-linux-x86_64-fedora-clang 1.0.0 35.73 NOTE
r-devel-linux-x86_64-fedora-gcc 1.0.0 48.77 NOTE
r-devel-windows-x86_64 1.0.0 2.00 41.00 43.00 NOTE
r-patched-linux-x86_64 1.0.0 1.66 20.88 22.54 NOTE
r-release-linux-x86_64 1.0.0 1.53 20.77 22.30 NOTE
r-release-macos-arm64 1.0.0 1.00 51.00 52.00 NOTE
r-release-macos-x86_64 1.0.0 2.00 36.00 38.00 NOTE
r-release-windows-x86_64 1.0.0 2.00 42.00 44.00 NOTE
r-oldrel-macos-arm64 1.0.0 1.00 19.00 20.00 NOTE
r-oldrel-macos-x86_64 1.0.0 1.00 29.00 30.00 NOTE
r-oldrel-windows-x86_64 1.0.0 5.00 46.00 51.00 NOTE

Check Details

Version: 1.0.0
Check: Rd files
Result: NOTE checkRd: (-1) scriptloc.Rd:5: Lost braces; missing escapes or markup? 5 | \title{Get location of script in a fashion analagous to ${BASH_SOURCE[0]}} | ^ Flavors: r-devel-linux-x86_64-debian-clang, r-devel-linux-x86_64-debian-gcc, r-devel-linux-x86_64-fedora-clang, r-devel-linux-x86_64-fedora-gcc, r-devel-windows-x86_64, r-patched-linux-x86_64, r-release-linux-x86_64, r-release-macos-arm64, r-release-macos-x86_64, r-release-windows-x86_64, r-oldrel-macos-arm64, r-oldrel-macos-x86_64, r-oldrel-windows-x86_64

Version: 1.0.0
Check: HTML version of manual
Result: NOTE Found the following HTML validation problems: script_file_get.html:49:1 (script_file_get.Rd:10): Warning: missing </ul> before </div> Flavors: r-devel-linux-x86_64-debian-clang, r-devel-linux-x86_64-debian-gcc