Last updated on 2025-10-22 05:51:26 CEST.
Flavor | Version | Tinstall | Tcheck | Ttotal | Status | Flags |
---|---|---|---|---|---|---|
r-devel-linux-x86_64-debian-clang | 0.1.3 | 2.82 | 34.46 | 37.28 | NOTE | |
r-devel-linux-x86_64-debian-gcc | 0.1.3 | 2.03 | 26.83 | 28.86 | NOTE | |
r-devel-linux-x86_64-fedora-clang | 0.1.3 | 52.56 | OK | |||
r-devel-linux-x86_64-fedora-gcc | 0.1.3 | 51.68 | OK | |||
r-devel-windows-x86_64 | 0.1.3 | 4.00 | 51.00 | 55.00 | OK | |
r-patched-linux-x86_64 | 0.1.3 | 2.83 | 30.39 | 33.22 | OK | |
r-release-linux-x86_64 | 0.1.3 | 2.71 | 30.62 | 33.33 | OK | |
r-release-macos-arm64 | 0.1.3 | 1.00 | 22.00 | 23.00 | OK | |
r-release-macos-x86_64 | 0.1.3 | 2.00 | 48.00 | 50.00 | OK | |
r-release-windows-x86_64 | 0.1.3 | 5.00 | 53.00 | 58.00 | OK | |
r-oldrel-macos-arm64 | 0.1.3 | 2.00 | 26.00 | 28.00 | OK | |
r-oldrel-macos-x86_64 | 0.1.3 | 2.00 | 55.00 | 57.00 | OK | |
r-oldrel-windows-x86_64 | 0.1.3 | 6.00 | 60.00 | 66.00 | OK |
Version: 0.1.3
Check: HTML version of manual
Result: NOTE
Found the following HTML validation problems:
assert_flag_or_scalar_integerish.html:51:1 (assert_flag_or_scalar_integerish.Rd:14): Warning: missing </ul> before </div>
Flavors: r-devel-linux-x86_64-debian-clang, r-devel-linux-x86_64-debian-gcc