Last updated on 2025-10-22 05:51:26 CEST.
Flavor | Version | Tinstall | Tcheck | Ttotal | Status | Flags |
---|---|---|---|---|---|---|
r-devel-linux-x86_64-debian-clang | 1.3.4 | 7.61 | 58.26 | 65.87 | OK | |
r-devel-linux-x86_64-debian-gcc | 1.3.4 | 4.83 | 43.43 | 48.26 | OK | |
r-devel-linux-x86_64-fedora-clang | 1.3.4 | 16.00 | 82.90 | 98.90 | NOTE | |
r-devel-linux-x86_64-fedora-gcc | 1.3.4 | 16.00 | 79.87 | 95.87 | NOTE | |
r-devel-windows-x86_64 | 1.3.4 | 10.00 | 72.00 | 82.00 | OK | |
r-patched-linux-x86_64 | 1.3.4 | 7.02 | 55.00 | 62.02 | OK | |
r-release-linux-x86_64 | 1.3.4 | 6.44 | 55.26 | 61.70 | OK | |
r-release-macos-arm64 | 1.3.4 | 4.00 | 28.00 | 32.00 | OK | |
r-release-macos-x86_64 | 1.3.4 | 6.00 | 47.00 | 53.00 | OK | |
r-release-windows-x86_64 | 1.3.4 | 10.00 | 77.00 | 87.00 | OK | |
r-oldrel-macos-arm64 | 1.3.4 | 3.00 | 26.00 | 29.00 | NOTE | |
r-oldrel-macos-x86_64 | 1.3.4 | 5.00 | 38.00 | 43.00 | NOTE | |
r-oldrel-windows-x86_64 | 1.3.4 | 12.00 | 90.00 | 102.00 | NOTE |
Version: 1.3.4
Check: dependencies in R code
Result: NOTE
Namespaces in Imports field not imported from:
‘cluster’ ‘factoextra’ ‘tidyr’
All declared Imports should be used.
Flavors: r-devel-linux-x86_64-fedora-clang, r-devel-linux-x86_64-fedora-gcc
Version: 1.3.4
Check: LazyData
Result: NOTE
'LazyData' is specified without a 'data' directory
Flavors: r-oldrel-macos-arm64, r-oldrel-macos-x86_64, r-oldrel-windows-x86_64