Last updated on 2025-10-22 05:51:26 CEST.
Flavor | Version | Tinstall | Tcheck | Ttotal | Status | Flags |
---|---|---|---|---|---|---|
r-devel-linux-x86_64-debian-clang | 0.1-6 | 3.85 | 40.91 | 44.76 | NOTE | |
r-devel-linux-x86_64-debian-gcc | 0.1-6 | 2.94 | 32.02 | 34.96 | NOTE | |
r-devel-linux-x86_64-fedora-clang | 0.1-6 | 67.47 | OK | |||
r-devel-linux-x86_64-fedora-gcc | 0.1-6 | 78.75 | OK | |||
r-devel-windows-x86_64 | 0.1-6 | 5.00 | 55.00 | 60.00 | OK | |
r-patched-linux-x86_64 | 0.1-6 | 3.74 | 38.72 | 42.46 | OK | |
r-release-linux-x86_64 | 0.1-6 | 3.86 | 38.51 | 42.37 | OK | |
r-release-macos-arm64 | 0.1-6 | 2.00 | 43.00 | 45.00 | OK | |
r-release-macos-x86_64 | 0.1-6 | 3.00 | 51.00 | 54.00 | OK | |
r-release-windows-x86_64 | 0.1-6 | 6.00 | 57.00 | 63.00 | OK | |
r-oldrel-macos-arm64 | 0.1-6 | 2.00 | 28.00 | 30.00 | OK | |
r-oldrel-macos-x86_64 | 0.1-6 | 3.00 | 40.00 | 43.00 | OK | |
r-oldrel-windows-x86_64 | 0.1-6 | 6.00 | 71.00 | 77.00 | OK |
Version: 0.1-6
Check: HTML version of manual
Result: NOTE
Found the following HTML validation problems:
anova-lgc-method.html:51:1 (anova-lgc-method.Rd:12): Warning: missing </ul> before </div>
summary-lgc-method.html:51:1 (summary-lgc-method.Rd:12): Warning: missing </ul> before </div>
Flavors: r-devel-linux-x86_64-debian-clang, r-devel-linux-x86_64-debian-gcc