CRAN Package Check Results for Package semtree

Last updated on 2025-07-25 07:49:45 CEST.

Flavor Version Tinstall Tcheck Ttotal Status Flags
r-devel-linux-x86_64-debian-clang 0.9.20 17.15 867.81 884.96 NOTE
r-devel-linux-x86_64-debian-gcc 0.9.20 10.69 400.47 411.16 NOTE
r-devel-linux-x86_64-fedora-clang 0.9.20 910.15 OK
r-devel-linux-x86_64-fedora-gcc 0.9.20 838.50 OK
r-devel-windows-x86_64 0.9.20 20.00 417.00 437.00 NOTE
r-patched-linux-x86_64 0.9.20 17.80 525.68 543.48 NOTE
r-release-linux-x86_64 0.9.20 16.28 544.84 561.12 NOTE
r-release-macos-arm64 0.9.20 242.00 OK
r-release-macos-x86_64 0.9.20 444.00 OK
r-release-windows-x86_64 0.9.20 19.00 408.00 427.00 NOTE
r-oldrel-macos-arm64 0.9.20 195.00 OK
r-oldrel-macos-x86_64 0.9.20 336.00 NOTE
r-oldrel-windows-x86_64 0.9.20 25.00 584.00 609.00 OK

Check Details

Version: 0.9.20
Check: Rd cross-references
Result: NOTE Found the following Rd file(s) with Rd \link{} targets missing package anchors: evaluateDataLikelihood.Rd: OpenMx semtree.Rd: OpenMx, mxModel Please provide package anchors for all Rd \link{} targets not in the package itself and the base packages. Flavors: r-devel-linux-x86_64-debian-clang, r-devel-linux-x86_64-debian-gcc, r-devel-windows-x86_64, r-patched-linux-x86_64, r-release-linux-x86_64, r-release-windows-x86_64

Version: 0.9.20
Check: package dependencies
Result: NOTE Package suggested but not available for checking: ‘ctsemOMX’ Flavor: r-oldrel-macos-x86_64