Last updated on 2025-10-22 05:51:26 CEST.
Flavor | Version | Tinstall | Tcheck | Ttotal | Status | Flags |
---|---|---|---|---|---|---|
r-devel-linux-x86_64-debian-clang | 0.3.1 | 6.84 | 62.08 | 68.92 | NOTE | |
r-devel-linux-x86_64-debian-gcc | 0.3.1 | 4.26 | 39.05 | 43.31 | NOTE | |
r-devel-linux-x86_64-fedora-clang | 0.3.1 | 14.00 | 88.81 | 102.81 | OK | |
r-devel-linux-x86_64-fedora-gcc | 0.3.1 | 14.00 | 84.85 | 98.85 | OK | |
r-devel-windows-x86_64 | 0.3.1 | 7.00 | 68.00 | 75.00 | OK | |
r-patched-linux-x86_64 | 0.3.1 | 6.89 | 58.99 | 65.88 | OK | |
r-release-linux-x86_64 | 0.3.1 | 5.88 | 58.93 | 64.81 | OK | |
r-release-macos-arm64 | 0.3.1 | 3.00 | 26.00 | 29.00 | OK | |
r-release-macos-x86_64 | 0.3.1 | 5.00 | 48.00 | 53.00 | OK | |
r-release-windows-x86_64 | 0.3.1 | 8.00 | 70.00 | 78.00 | OK | |
r-oldrel-macos-arm64 | 0.3.1 | 3.00 | 24.00 | 27.00 | OK | |
r-oldrel-macos-x86_64 | 0.3.1 | 5.00 | 72.00 | 77.00 | OK | |
r-oldrel-windows-x86_64 | 0.3.1 | 10.00 | 90.00 | 100.00 | OK |
Version: 0.3.1
Check: HTML version of manual
Result: NOTE
Found the following HTML validation problems:
effects.html:123:1 (effects.Rd:73): Warning: missing </ul> before </div>
partdevs.html:160:1 (partdevs.Rd:107): Warning: missing </ul> before </div>
plot.effectsMed.html:89:1 (plot.effectsMed.Rd:36): Warning: missing </ul> before </div>
stderrs.html:131:1 (stderrs.Rd:79): Warning: missing </ul> before </div>
Flavors: r-devel-linux-x86_64-debian-clang, r-devel-linux-x86_64-debian-gcc