Last updated on 2025-10-22 05:51:26 CEST.
Flavor | Version | Tinstall | Tcheck | Ttotal | Status | Flags |
---|---|---|---|---|---|---|
r-devel-linux-x86_64-debian-clang | 1.0.1 | 61.83 | 220.59 | 282.42 | NOTE | |
r-devel-linux-x86_64-debian-gcc | 1.0.1 | 42.72 | 149.33 | 192.05 | NOTE | |
r-devel-linux-x86_64-fedora-clang | 1.0.1 | 130.00 | 308.07 | 438.07 | OK | |
r-devel-linux-x86_64-fedora-gcc | 1.0.1 | 141.00 | 278.08 | 419.08 | OK | |
r-devel-windows-x86_64 | 1.0.1 | 77.00 | 218.00 | 295.00 | OK | |
r-patched-linux-x86_64 | 1.0.1 | 66.83 | 199.25 | 266.08 | OK | |
r-release-linux-x86_64 | 1.0.1 | 64.06 | 198.83 | 262.89 | OK | |
r-release-macos-arm64 | 1.0.1 | 26.00 | 85.00 | 111.00 | OK | |
r-release-macos-x86_64 | 1.0.1 | 31.00 | 177.00 | 208.00 | OK | |
r-release-windows-x86_64 | 1.0.1 | 76.00 | 217.00 | 293.00 | OK | |
r-oldrel-macos-arm64 | 1.0.1 | 28.00 | 86.00 | 114.00 | NOTE | |
r-oldrel-macos-x86_64 | 1.0.1 | 39.00 | 156.00 | 195.00 | NOTE | |
r-oldrel-windows-x86_64 | 1.0.1 | 93.00 | 282.00 | 375.00 | NOTE |
Version: 1.0.1
Check: HTML version of manual
Result: NOTE
Found the following HTML validation problems:
sentometrics-defunct.html:91:1 (sentometrics-defunct.Rd:77): Warning: missing </ul> before </div>
Flavors: r-devel-linux-x86_64-debian-clang, r-devel-linux-x86_64-debian-gcc
Version: 1.0.1
Check: installed package size
Result: NOTE
installed size is 7.7Mb
sub-directories of 1Mb or more:
data 2.3Mb
libs 4.2Mb
Flavors: r-oldrel-macos-arm64, r-oldrel-macos-x86_64
Version: 1.0.1
Check: for GNU extensions in Makefiles
Result: NOTE
GNU make is a SystemRequirements.
Flavors: r-oldrel-macos-arm64, r-oldrel-macos-x86_64, r-oldrel-windows-x86_64