Last updated on 2025-10-24 04:51:09 CEST.
| Flavor | Version | Tinstall | Tcheck | Ttotal | Status | Flags |
|---|---|---|---|---|---|---|
| r-devel-linux-x86_64-debian-clang | 3.0 | 3.05 | 28.42 | 31.47 | NOTE | |
| r-devel-linux-x86_64-debian-gcc | 3.0 | 3.30 | 30.80 | 34.10 | NOTE | |
| r-devel-linux-x86_64-fedora-clang | 3.0 | 47.16 | OK | |||
| r-devel-linux-x86_64-fedora-gcc | 3.0 | 45.73 | OK | |||
| r-devel-windows-x86_64 | 3.0 | 5.00 | 38.00 | 43.00 | OK | |
| r-patched-linux-x86_64 | 3.0 | 2.50 | 21.02 | 23.52 | OK | |
| r-release-linux-x86_64 | 3.0 | 2.11 | 21.09 | 23.20 | OK | |
| r-release-macos-arm64 | 3.0 | 2.00 | 17.00 | 19.00 | OK | |
| r-release-macos-x86_64 | 3.0 | 2.00 | 26.00 | 28.00 | OK | |
| r-release-windows-x86_64 | 3.0 | 3.00 | 42.00 | 45.00 | OK | |
| r-oldrel-macos-arm64 | 3.0 | 2.00 | 16.00 | 18.00 | OK | |
| r-oldrel-macos-x86_64 | 3.0 | 2.00 | 22.00 | 24.00 | OK | |
| r-oldrel-windows-x86_64 | 3.0 | 3.00 | 39.00 | 42.00 | OK |
Version: 3.0
Check: CRAN incoming feasibility
Result: NOTE
Maintainer: ‘Martin Seilmayer <m.seilmayer@hzdr.de>’
No Authors@R field in DESCRIPTION.
Please add one, modifying
Authors@R: person(given = "Martin",
family = "Seilmayer",
role = c("aut", "cre"),
email = "m.seilmayer@hzdr.de")
as necessary.
Flavors: r-devel-linux-x86_64-debian-clang, r-devel-linux-x86_64-debian-gcc
Version: 3.0
Check: HTML version of manual
Result: NOTE
Found the following HTML validation problems:
isOpen.html:50:1 (isOpen.Rd:12): Warning: missing </ul> before </div>
Flavor: r-devel-linux-x86_64-debian-clang