CRAN Package Check Results for Package serieslcb

Last updated on 2025-10-22 05:51:26 CEST.

Flavor Version Tinstall Tcheck Ttotal Status Flags
r-devel-linux-x86_64-debian-clang 0.4.0 3.75 36.22 39.97 NOTE
r-devel-linux-x86_64-debian-gcc 0.4.0 3.41 27.82 31.23 NOTE
r-devel-linux-x86_64-fedora-clang 0.4.0 59.96 OK
r-devel-linux-x86_64-fedora-gcc 0.4.0 58.42 OK
r-devel-windows-x86_64 0.4.0 6.00 54.00 60.00 OK
r-patched-linux-x86_64 0.4.0 3.74 34.28 38.02 OK
r-release-linux-x86_64 0.4.0 3.89 34.23 38.12 OK
r-release-macos-arm64 0.4.0 2.00 21.00 23.00 OK
r-release-macos-x86_64 0.4.0 3.00 54.00 57.00 OK
r-release-windows-x86_64 0.4.0 7.00 57.00 64.00 OK
r-oldrel-macos-arm64 0.4.0 2.00 19.00 21.00 NOTE
r-oldrel-macos-x86_64 0.4.0 3.00 27.00 30.00 NOTE
r-oldrel-windows-x86_64 0.4.0 9.00 67.00 76.00 NOTE

Check Details

Version: 0.4.0
Check: CRAN incoming feasibility
Result: NOTE Maintainer: ‘Edward Schuberg <eschu003@ucr.edu>’ No Authors@R field in DESCRIPTION. Please add one, modifying Authors@R: person(given = "Edward", family = "Schuberg", role = c("aut", "cre"), email = "eschu003@ucr.edu") as necessary. Flavors: r-devel-linux-x86_64-debian-clang, r-devel-linux-x86_64-debian-gcc

Version: 0.4.0
Check: HTML version of manual
Result: NOTE Found the following HTML validation problems: madansky.fun.html:58:1 (madansky.fun.Rd:16): Warning: missing </ul> before </div> mr.fun.html:54:1 (mr.fun.Rd:14): Warning: missing </ul> before </div> Flavors: r-devel-linux-x86_64-debian-clang, r-devel-linux-x86_64-debian-gcc

Version: 0.4.0
Check: LazyData
Result: NOTE 'LazyData' is specified without a 'data' directory Flavors: r-oldrel-macos-arm64, r-oldrel-macos-x86_64, r-oldrel-windows-x86_64