Last updated on 2025-10-22 05:51:27 CEST.
Flavor | Version | Tinstall | Tcheck | Ttotal | Status | Flags |
---|---|---|---|---|---|---|
r-devel-linux-x86_64-debian-clang | 2.4 | 11.36 | 113.95 | 125.31 | OK | |
r-devel-linux-x86_64-debian-gcc | 2.4 | 7.26 | 76.22 | 83.48 | OK | |
r-devel-linux-x86_64-fedora-clang | 2.4 | 43.00 | 155.55 | 198.55 | OK | |
r-devel-linux-x86_64-fedora-gcc | 2.4 | 27.00 | 166.26 | 193.26 | OK | |
r-devel-windows-x86_64 | 2.4 | 13.00 | 121.00 | 134.00 | OK | |
r-patched-linux-x86_64 | 2.4 | 10.17 | 103.93 | 114.10 | OK | |
r-release-linux-x86_64 | 2.4 | 10.76 | 104.02 | 114.78 | OK | |
r-release-macos-arm64 | 2.4 | 10.00 | 143.00 | 153.00 | OK | |
r-release-macos-x86_64 | 2.4 | 18.00 | 185.00 | 203.00 | OK | |
r-release-windows-x86_64 | 2.4 | 14.00 | 121.00 | 135.00 | OK | |
r-oldrel-macos-arm64 | 2.4 | 5.00 | 87.00 | 92.00 | NOTE | |
r-oldrel-macos-x86_64 | 2.4 | 18.00 | 153.00 | 171.00 | NOTE | |
r-oldrel-windows-x86_64 | 2.4 | 18.00 | 154.00 | 172.00 | NOTE |
Version: 2.4
Check: package dependencies
Result: NOTE
Package suggested but not available for checking: ‘hydromad’
Flavors: r-oldrel-macos-arm64, r-oldrel-macos-x86_64, r-oldrel-windows-x86_64