Last updated on 2025-10-22 05:51:27 CEST.
Flavor | Version | Tinstall | Tcheck | Ttotal | Status | Flags |
---|---|---|---|---|---|---|
r-devel-linux-x86_64-debian-clang | 1.0.0 | 2.14 | 26.66 | 28.80 | NOTE | |
r-devel-linux-x86_64-debian-gcc | 1.0.0 | 1.83 | 21.87 | 23.70 | NOTE | |
r-devel-linux-x86_64-fedora-clang | 1.0.0 | 43.21 | OK | |||
r-devel-linux-x86_64-fedora-gcc | 1.0.0 | 41.82 | OK | |||
r-devel-windows-x86_64 | 1.0.0 | 5.00 | 46.00 | 51.00 | OK | |
r-patched-linux-x86_64 | 1.0.0 | 2.75 | 25.35 | 28.10 | OK | |
r-release-linux-x86_64 | 1.0.0 | 2.35 | 25.25 | 27.60 | OK | |
r-release-macos-arm64 | 1.0.0 | 1.00 | 16.00 | 17.00 | OK | |
r-release-macos-x86_64 | 1.0.0 | 2.00 | 25.00 | 27.00 | OK | |
r-release-windows-x86_64 | 1.0.0 | 6.00 | 46.00 | 52.00 | OK | |
r-oldrel-macos-arm64 | 1.0.0 | 1.00 | 17.00 | 18.00 | OK | |
r-oldrel-macos-x86_64 | 1.0.0 | 2.00 | 26.00 | 28.00 | OK | |
r-oldrel-windows-x86_64 | 1.0.0 | 6.00 | 53.00 | 59.00 | OK |
Version: 1.0.0
Check: HTML version of manual
Result: NOTE
Found the following HTML validation problems:
shinyCyJS.html:78:1 (shinyCyJS.Rd:30): Warning: missing </ul> before </div>
Flavors: r-devel-linux-x86_64-debian-clang, r-devel-linux-x86_64-debian-gcc