Last updated on 2025-10-22 05:51:27 CEST.
Flavor | Version | Tinstall | Tcheck | Ttotal | Status | Flags |
---|---|---|---|---|---|---|
r-devel-linux-x86_64-debian-clang | 0.2.0 | 9.25 | 72.30 | 81.55 | OK | |
r-devel-linux-x86_64-debian-gcc | 0.2.0 | 6.26 | 48.18 | 54.44 | OK | |
r-devel-linux-x86_64-fedora-clang | 0.2.0 | 25.00 | 92.21 | 117.21 | OK | |
r-devel-linux-x86_64-fedora-gcc | 0.2.0 | 19.00 | 96.63 | 115.63 | OK | |
r-devel-windows-x86_64 | 0.2.0 | 11.00 | 77.00 | 88.00 | OK | |
r-patched-linux-x86_64 | 0.2.0 | 9.09 | 64.82 | 73.91 | OK | |
r-release-linux-x86_64 | 0.2.0 | 6.90 | 64.74 | 71.64 | OK | |
r-release-macos-arm64 | 0.2.0 | 4.00 | 30.00 | 34.00 | OK | |
r-release-macos-x86_64 | 0.2.0 | 7.00 | 45.00 | 52.00 | OK | |
r-release-windows-x86_64 | 0.2.0 | 11.00 | 79.00 | 90.00 | OK | |
r-oldrel-macos-arm64 | 0.2.0 | 4.00 | 26.00 | 30.00 | NOTE | |
r-oldrel-macos-x86_64 | 0.2.0 | 5.00 | 40.00 | 45.00 | NOTE | |
r-oldrel-windows-x86_64 | 0.2.0 | 13.00 | 95.00 | 108.00 | NOTE |
Version: 0.2.0
Check: LazyData
Result: NOTE
'LazyData' is specified without a 'data' directory
Flavors: r-oldrel-macos-arm64, r-oldrel-macos-x86_64, r-oldrel-windows-x86_64