CRAN Package Check Results for Package shinyTempSignal

Last updated on 2025-10-22 05:51:27 CEST.

Flavor Version Tinstall Tcheck Ttotal Status Flags
r-devel-linux-x86_64-debian-clang 0.0.8 20.17 150.22 170.39 NOTE
r-devel-linux-x86_64-debian-gcc 0.0.8 14.22 108.11 122.33 NOTE
r-devel-linux-x86_64-fedora-clang 0.0.8 102.00 178.67 280.67 NOTE
r-devel-linux-x86_64-fedora-gcc 0.0.8 109.00 180.46 289.46 NOTE
r-devel-windows-x86_64 0.0.8 21.00 136.00 157.00 NOTE
r-patched-linux-x86_64 0.0.8 16.06 140.21 156.27 NOTE
r-release-linux-x86_64 0.0.8 17.04 139.66 156.70 NOTE
r-release-macos-arm64 0.0.8 7.00 58.00 65.00 NOTE
r-release-macos-x86_64 0.0.8 16.00 131.00 147.00 NOTE
r-release-windows-x86_64 0.0.8 23.00 137.00 160.00 NOTE
r-oldrel-macos-arm64 0.0.8 7.00 59.00 66.00 OK
r-oldrel-macos-x86_64 0.0.8 11.00 92.00 103.00 OK
r-oldrel-windows-x86_64 0.0.8 27.00 176.00 203.00 OK

Check Details

Version: 0.0.8
Check: DESCRIPTION meta-information
Result: NOTE Missing dependency on R >= 4.1.0 because package code uses the pipe |> or function shorthand \(...) syntax added in R 4.1.0. File(s) using such syntax: ‘app_server.R’ ‘function.R’ Flavors: r-devel-linux-x86_64-debian-clang, r-devel-linux-x86_64-debian-gcc, r-devel-linux-x86_64-fedora-clang, r-devel-linux-x86_64-fedora-gcc, r-devel-windows-x86_64, r-patched-linux-x86_64, r-release-linux-x86_64, r-release-macos-arm64, r-release-macos-x86_64, r-release-windows-x86_64

Version: 0.0.8
Check: HTML version of manual
Result: NOTE Found the following HTML validation problems: app_server.html:54:1 (app_server.Rd:14): Warning: missing </ul> before </div> app_ui.html:46:1 (app_ui.Rd:10): Warning: missing </ul> before </div> Flavors: r-devel-linux-x86_64-debian-clang, r-devel-linux-x86_64-debian-gcc