Last updated on 2025-10-22 05:51:27 CEST.
Flavor | Version | Tinstall | Tcheck | Ttotal | Status | Flags |
---|---|---|---|---|---|---|
r-devel-linux-x86_64-debian-clang | 0.9.0 | 17.35 | 139.78 | 157.13 | NOTE | |
r-devel-linux-x86_64-debian-gcc | 0.9.0 | 11.44 | 93.18 | 104.62 | NOTE | |
r-devel-linux-x86_64-fedora-clang | 0.9.0 | 109.00 | 148.81 | 257.81 | OK | |
r-devel-linux-x86_64-fedora-gcc | 0.9.0 | 45.00 | 198.08 | 243.08 | OK | |
r-devel-windows-x86_64 | 0.9.0 | 20.00 | 212.00 | 232.00 | OK | |
r-patched-linux-x86_64 | 0.9.0 | 15.01 | 129.73 | 144.74 | OK | |
r-release-linux-x86_64 | 0.9.0 | 15.87 | 129.45 | 145.32 | OK | |
r-release-macos-arm64 | 0.9.0 | 7.00 | 66.00 | 73.00 | OK | |
r-release-macos-x86_64 | 0.9.0 | 21.00 | 161.00 | 182.00 | OK | |
r-release-windows-x86_64 | 0.9.0 | 22.00 | 152.00 | 174.00 | OK | |
r-oldrel-macos-arm64 | 0.9.0 | 7.00 | 71.00 | 78.00 | NOTE | |
r-oldrel-macos-x86_64 | 0.9.0 | 20.00 | 144.00 | 164.00 | NOTE | |
r-oldrel-windows-x86_64 | 0.9.0 | 25.00 | 168.00 | 193.00 | NOTE |
Version: 0.9.0
Check: HTML version of manual
Result: NOTE
Found the following HTML validation problems:
run_app.html:87:1 (run_app.Rd:41): Warning: missing </ul> before </div>
Flavors: r-devel-linux-x86_64-debian-clang, r-devel-linux-x86_64-debian-gcc
Version: 0.9.0
Check: package dependencies
Result: NOTE
Package suggested but not available for checking: ‘cmdstanr’
Flavors: r-oldrel-macos-arm64, r-oldrel-macos-x86_64, r-oldrel-windows-x86_64