Last updated on 2025-07-20 11:50:14 CEST.
Flavor | Version | Tinstall | Tcheck | Ttotal | Status | Flags |
---|---|---|---|---|---|---|
r-devel-linux-x86_64-debian-clang | 0.1.5 | 3.29 | 31.56 | 34.85 | NOTE | |
r-devel-linux-x86_64-debian-gcc | 0.1.5 | 3.18 | 24.70 | 27.88 | NOTE | |
r-devel-linux-x86_64-fedora-clang | 0.1.5 | 52.62 | OK | |||
r-devel-linux-x86_64-fedora-gcc | 0.1.5 | 49.28 | OK | |||
r-devel-windows-x86_64 | 0.1.5 | 4.00 | 49.00 | 53.00 | OK | |
r-patched-linux-x86_64 | 0.1.5 | 3.31 | 29.30 | 32.61 | OK | |
r-release-linux-x86_64 | 0.1.5 | 2.90 | 28.85 | 31.75 | OK | |
r-release-macos-arm64 | 0.1.5 | 22.00 | OK | |||
r-release-macos-x86_64 | 0.1.5 | 43.00 | OK | |||
r-release-windows-x86_64 | 0.1.5 | 5.00 | 49.00 | 54.00 | OK | |
r-oldrel-macos-arm64 | 0.1.5 | 20.00 | OK | |||
r-oldrel-macos-x86_64 | 0.1.5 | 28.00 | OK | |||
r-oldrel-windows-x86_64 | 0.1.5 | 8.00 | 55.00 | 63.00 | OK |
Version: 0.1.5
Check: CRAN incoming feasibility
Result: NOTE
Maintainer: ‘Alex Pickering <alexvpickering@gmail.com>’
No Authors@R field in DESCRIPTION.
Please add one, modifying
Authors@R: person(given = "Alex",
family = "Pickering",
role = c("aut", "cre"),
email = "alexvpickering@gmail.com")
as necessary.
Flavors: r-devel-linux-x86_64-debian-clang, r-devel-linux-x86_64-debian-gcc