Last updated on 2025-10-22 05:51:27 CEST.
Flavor | Version | Tinstall | Tcheck | Ttotal | Status | Flags |
---|---|---|---|---|---|---|
r-devel-linux-x86_64-debian-clang | 2.6.0 | 22.65 | 176.27 | 198.92 | NOTE | |
r-devel-linux-x86_64-debian-gcc | 2.6.0 | 19.19 | 126.18 | 145.37 | NOTE | |
r-devel-linux-x86_64-fedora-clang | 2.6.0 | 59.00 | 249.91 | 308.91 | OK | |
r-devel-linux-x86_64-fedora-gcc | 2.6.0 | 70.00 | 244.34 | 314.34 | OK | |
r-devel-windows-x86_64 | 2.6.0 | 21.00 | 241.00 | 262.00 | OK | |
r-patched-linux-x86_64 | 2.6.0 | 27.09 | 170.13 | 197.22 | OK | |
r-release-linux-x86_64 | 2.6.0 | 24.41 | 170.32 | 194.73 | OK | |
r-release-macos-arm64 | 2.6.0 | 6.00 | 63.00 | 69.00 | OK | |
r-release-macos-x86_64 | 2.6.0 | 11.00 | 155.00 | 166.00 | OK | |
r-release-windows-x86_64 | 2.6.0 | 20.00 | 160.00 | 180.00 | OK | |
r-oldrel-macos-arm64 | 2.6.0 | 6.00 | 73.00 | 79.00 | NOTE | |
r-oldrel-macos-x86_64 | 2.6.0 | 10.00 | 129.00 | 139.00 | NOTE | |
r-oldrel-windows-x86_64 | 2.6.0 | 26.00 | 213.00 | 239.00 | NOTE |
Version: 2.6.0
Check: HTML version of manual
Result: NOTE
Found the following HTML validation problems:
rename_model.html:47:1 (rename_model.Rd:10): Warning: missing </ul> before </div>
Flavors: r-devel-linux-x86_64-debian-clang, r-devel-linux-x86_64-debian-gcc
Version: 2.6.0
Check: package dependencies
Result: NOTE
Package suggested but not available for checking: ‘cmdstanr’
Flavors: r-oldrel-macos-arm64, r-oldrel-macos-x86_64, r-oldrel-windows-x86_64