Last updated on 2025-10-22 05:51:27 CEST.
Flavor | Version | Tinstall | Tcheck | Ttotal | Status | Flags |
---|---|---|---|---|---|---|
r-devel-linux-x86_64-debian-clang | 0.1.0 | 2.81 | 36.80 | 39.61 | NOTE | |
r-devel-linux-x86_64-debian-gcc | 0.1.0 | 2.20 | 28.77 | 30.97 | NOTE | |
r-devel-linux-x86_64-fedora-clang | 0.1.0 | 60.58 | OK | |||
r-devel-linux-x86_64-fedora-gcc | 0.1.0 | 71.83 | OK | |||
r-devel-windows-x86_64 | 0.1.0 | 6.00 | 61.00 | 67.00 | OK | |
r-patched-linux-x86_64 | 0.1.0 | 2.82 | 33.82 | 36.64 | OK | |
r-release-linux-x86_64 | 0.1.0 | 2.88 | 34.01 | 36.89 | OK | |
r-release-macos-arm64 | 0.1.0 | 2.00 | 50.00 | 52.00 | OK | |
r-release-macos-x86_64 | 0.1.0 | 3.00 | 53.00 | 56.00 | OK | |
r-release-windows-x86_64 | 0.1.0 | 7.00 | 56.00 | 63.00 | OK | |
r-oldrel-macos-arm64 | 0.1.0 | 2.00 | 35.00 | 37.00 | OK | |
r-oldrel-macos-x86_64 | 0.1.0 | 3.00 | 68.00 | 71.00 | OK | |
r-oldrel-windows-x86_64 | 0.1.0 | 7.00 | 63.00 | 70.00 | OK |
Version: 0.1.0
Check: HTML version of manual
Result: NOTE
Found the following HTML validation problems:
StorageClass.html:164:1 (StorageClass.Rd:218): Warning: <h5> anchor "Usage" already defined
StorageClass.html:170:1 (StorageClass.Rd:222): Warning: <h5> anchor "Returns" already defined
StorageClass.html:179:1 (StorageClass.Rd:227): Warning: <h5> anchor "Examples" already defined
StorageClass.html:209:1 (StorageClass.Rd:252): Warning: <h5> anchor "Usage" already defined
StorageClass.html:215:1 (StorageClass.Rd:256): Warning: <h5> anchor "Arguments" already defined
StorageClass.html:231:1 (StorageClass.Rd:266): Warning: <h5> anchor "Examples" already defined
StorageClass.html:264:1 (StorageClass.Rd:294): Warning: <h5> anchor "Usage" already defined
StorageClass.html:273:1 (StorageClass.Rd:301): Warning: <h5> anchor "Arguments" already defined
StorageClass.html:290:1 (StorageClass.Rd:312): Warning: <h5> anchor "Examples" already defined
StorageClass.html:320:1 (StorageClass.Rd:337): Warning: <h5> anchor "Usage" already defined
StorageClass.html:326:1 (StorageClass.Rd:341): Warning: <h5> anchor "Arguments" already defined
StorageClass.html:340:1 (StorageClass.Rd:349): Warning: <h5> anchor "Examples" already defined
StorageClass.html:378:1 (StorageClass.Rd:382): Warning: <h5> anchor "Usage" already defined
StorageClass.html:384:1 (StorageClass.Rd:386): Warning: <h5> anchor "Examples" already defined
StorageClass.html:415:1 (StorageClass.Rd:412): Warning: <h5> anchor "Usage" already defined
StorageClass.html:421:1 (StorageClass.Rd:416): Warning: <h5> anchor "Arguments" already defined
Flavors: r-devel-linux-x86_64-debian-clang, r-devel-linux-x86_64-debian-gcc