Last updated on 2025-10-24 04:51:10 CEST.
| Flavor | Version | Tinstall | Tcheck | Ttotal | Status | Flags |
|---|---|---|---|---|---|---|
| r-devel-linux-x86_64-debian-clang | 3.1.0 | 198.89 | 69.95 | 268.84 | OK | |
| r-devel-linux-x86_64-debian-gcc | 3.1.0 | 123.31 | 51.33 | 174.64 | OK | |
| r-devel-linux-x86_64-fedora-clang | 3.1.0 | 585.00 | -30.25 | 554.75 | OK | |
| r-devel-linux-x86_64-fedora-gcc | 3.1.0 | 304.00 | 170.37 | 474.37 | OK | |
| r-devel-windows-x86_64 | 3.1.0 | 228.00 | 198.00 | 426.00 | OK | |
| r-patched-linux-x86_64 | 3.1.0 | 201.23 | 67.19 | 268.42 | OK | |
| r-release-linux-x86_64 | 3.1.0 | 195.86 | 66.65 | 262.51 | OK | |
| r-release-macos-arm64 | 3.1.0 | 75.00 | 43.00 | 118.00 | OK | |
| r-release-macos-x86_64 | 3.1.0 | 81.00 | 91.00 | 172.00 | OK | |
| r-release-windows-x86_64 | 3.1.0 | 226.00 | 127.00 | 353.00 | OK | |
| r-oldrel-macos-arm64 | 3.1.0 | 71.00 | 46.00 | 117.00 | NOTE | |
| r-oldrel-macos-x86_64 | 3.1.0 | 68.00 | 125.00 | 193.00 | NOTE | |
| r-oldrel-windows-x86_64 | 3.1.0 | 264.00 | 144.00 | 408.00 | OK |
Version: 3.1.0
Check: installed package size
Result: NOTE
installed size is 13.3Mb
sub-directories of 1Mb or more:
libs 12.3Mb
Flavors: r-oldrel-macos-arm64, r-oldrel-macos-x86_64