CRAN Package Check Results for Package sigminer

Last updated on 2025-10-22 05:51:27 CEST.

Flavor Version Tinstall Tcheck Ttotal Status Flags
r-devel-linux-x86_64-debian-clang 2.3.1 37.79 242.08 279.87 NOTE
r-devel-linux-x86_64-debian-gcc 2.3.1 26.26 164.34 190.60 NOTE
r-devel-linux-x86_64-fedora-clang 2.3.1 233.00 240.67 473.67 NOTE
r-devel-linux-x86_64-fedora-gcc 2.3.1 176.00 267.60 443.60 NOTE
r-devel-windows-x86_64 2.3.1 45.00 255.00 300.00 NOTE
r-patched-linux-x86_64 2.3.1 32.84 223.55 256.39 NOTE
r-release-linux-x86_64 2.3.1 36.32 224.60 260.92 NOTE
r-release-macos-arm64 2.3.1 16.00 88.00 104.00 NOTE
r-release-macos-x86_64 2.3.1 27.00 162.00 189.00 NOTE
r-release-windows-x86_64 2.3.1 45.00 259.00 304.00 NOTE
r-oldrel-macos-arm64 2.3.1 14.00 53.00 67.00 NOTE
r-oldrel-macos-x86_64 2.3.1 23.00 128.00 151.00 NOTE
r-oldrel-windows-x86_64 2.3.1 58.00 329.00 387.00 NOTE

Check Details

Version: 2.3.1
Check: DESCRIPTION meta-information
Result: NOTE Missing dependency on R >= 4.1.0 because package code uses the pipe |> or function shorthand \(...) syntax added in R 4.1.0. File(s) using such syntax: ‘show_group_enrichment.R’ Flavors: r-devel-linux-x86_64-debian-clang, r-devel-linux-x86_64-debian-gcc, r-devel-linux-x86_64-fedora-clang, r-devel-linux-x86_64-fedora-gcc, r-devel-windows-x86_64, r-patched-linux-x86_64, r-release-linux-x86_64, r-release-macos-arm64, r-release-macos-x86_64, r-release-windows-x86_64

Version: 2.3.1
Check: package dependencies
Result: NOTE Package suggested but not available for checking: ‘BSgenome.Hsapiens.UCSC.hg19’ Flavors: r-oldrel-macos-arm64, r-oldrel-macos-x86_64

Version: 2.3.1
Check: installed package size
Result: NOTE installed size is 6.0Mb sub-directories of 1Mb or more: extdata 1.0Mb help 1.7Mb Flavors: r-oldrel-macos-arm64, r-oldrel-macos-x86_64, r-oldrel-windows-x86_64