Last updated on 2025-10-22 05:51:27 CEST.
Flavor | Version | Tinstall | Tcheck | Ttotal | Status | Flags |
---|---|---|---|---|---|---|
r-devel-linux-x86_64-debian-clang | 0.7.0 | 12.61 | 305.07 | 317.68 | NOTE | |
r-devel-linux-x86_64-debian-gcc | 0.7.0 | 7.98 | 195.90 | 203.88 | NOTE | |
r-devel-linux-x86_64-fedora-clang | 0.7.0 | 172.00 | 384.58 | 556.58 | OK | |
r-devel-linux-x86_64-fedora-gcc | 0.7.0 | 25.00 | 454.89 | 479.89 | OK | |
r-devel-windows-x86_64 | 0.7.0 | 13.00 | 276.00 | 289.00 | OK | |
r-patched-linux-x86_64 | 0.7.0 | 12.36 | 289.16 | 301.52 | OK | |
r-release-linux-x86_64 | 0.7.0 | 11.05 | 291.60 | 302.65 | OK | |
r-release-macos-arm64 | 0.7.0 | 4.00 | 97.00 | 101.00 | OK | |
r-release-macos-x86_64 | 0.7.0 | 9.00 | 224.00 | 233.00 | OK | |
r-release-windows-x86_64 | 0.7.0 | 16.00 | 274.00 | 290.00 | OK | |
r-oldrel-macos-arm64 | 0.7.0 | 5.00 | 112.00 | 117.00 | OK | |
r-oldrel-macos-x86_64 | 0.7.0 | 10.00 | 228.00 | 238.00 | OK | |
r-oldrel-windows-x86_64 | 0.7.0 | 19.00 | 377.00 | 396.00 | OK |
Version: 0.7.0
Check: HTML version of manual
Result: NOTE
Found the following HTML validation problems:
prune_to_visit_med75_inframe.html:51:1 (prune_to_visit_med75_inframe.Rd:13): Warning: missing </ul> before </div>
Flavors: r-devel-linux-x86_64-debian-clang, r-devel-linux-x86_64-debian-gcc