Last updated on 2025-10-24 04:51:10 CEST.
| Flavor | Version | Tinstall | Tcheck | Ttotal | Status | Flags |
|---|---|---|---|---|---|---|
| r-devel-linux-x86_64-debian-clang | 1.1 | 1.61 | 19.35 | 20.96 | NOTE | |
| r-devel-linux-x86_64-debian-gcc | 1.1 | 1.11 | 15.98 | 17.09 | NOTE | |
| r-devel-linux-x86_64-fedora-clang | 1.1 | 30.50 | OK | |||
| r-devel-linux-x86_64-fedora-gcc | 1.1 | 29.21 | OK | |||
| r-devel-windows-x86_64 | 1.1 | 4.00 | 37.00 | 41.00 | OK | |
| r-patched-linux-x86_64 | 1.1 | 1.36 | 18.27 | 19.63 | OK | |
| r-release-linux-x86_64 | 1.1 | 1.49 | 18.11 | 19.60 | OK | |
| r-release-macos-arm64 | 1.1 | 1.00 | 15.00 | 16.00 | OK | |
| r-release-macos-x86_64 | 1.1 | 2.00 | 22.00 | 24.00 | OK | |
| r-release-windows-x86_64 | 1.1 | 4.00 | 38.00 | 42.00 | OK | |
| r-oldrel-macos-arm64 | 1.1 | 1.00 | 14.00 | 15.00 | OK | |
| r-oldrel-macos-x86_64 | 1.1 | 1.00 | 21.00 | 22.00 | OK | |
| r-oldrel-windows-x86_64 | 1.1 | 3.00 | 42.00 | 45.00 | OK |
Version: 1.1
Check: CRAN incoming feasibility
Result: NOTE
Maintainer: ‘Stephen Wisser <swisser98@gmail.com>’
No Authors@R field in DESCRIPTION.
Please add one, modifying
Authors@R: c(person(given = c("Stephen", "C"),
family = "Wisser",
role = "aut"),
person(given = "Stephen",
family = "Wisser",
role = "cre",
email = "swisser98@gmail.com"))
as necessary.
Flavors: r-devel-linux-x86_64-debian-clang, r-devel-linux-x86_64-debian-gcc