Last updated on 2025-10-22 05:51:27 CEST.
Flavor | Version | Tinstall | Tcheck | Ttotal | Status | Flags |
---|---|---|---|---|---|---|
r-devel-linux-x86_64-debian-clang | 0.1.3 | 37.76 | 135.08 | 172.84 | NOTE | |
r-devel-linux-x86_64-debian-gcc | 0.1.3 | 25.73 | 100.46 | 126.19 | NOTE | |
r-devel-linux-x86_64-fedora-clang | 0.1.3 | 173.00 | 127.98 | 300.98 | OK | |
r-devel-linux-x86_64-fedora-gcc | 0.1.3 | 71.00 | 233.54 | 304.54 | OK | |
r-devel-windows-x86_64 | 0.1.3 | 43.00 | 175.00 | 218.00 | OK | |
r-patched-linux-x86_64 | 0.1.3 | 35.69 | 132.45 | 168.14 | OK | |
r-release-linux-x86_64 | 0.1.3 | 34.22 | 131.24 | 165.46 | OK | |
r-release-macos-arm64 | 0.1.3 | 15.00 | 62.00 | 77.00 | OK | |
r-release-macos-x86_64 | 0.1.3 | 26.00 | 122.00 | 148.00 | OK | |
r-release-windows-x86_64 | 0.1.3 | 44.00 | 162.00 | 206.00 | OK | |
r-oldrel-macos-arm64 | 0.1.3 | 15.00 | 64.00 | 79.00 | NOTE | |
r-oldrel-macos-x86_64 | 0.1.3 | 25.00 | 129.00 | 154.00 | NOTE | |
r-oldrel-windows-x86_64 | 0.1.3 | 54.00 | 196.00 | 250.00 | OK |
Version: 0.1.3
Check: HTML version of manual
Result: NOTE
Found the following HTML validation problems:
tiltedgaussian.html:58:1 (tiltedgaussian.Rd:16): Warning: missing </ul> before </div>
Flavors: r-devel-linux-x86_64-debian-clang, r-devel-linux-x86_64-debian-gcc
Version: 0.1.3
Check: installed package size
Result: NOTE
installed size is 5.4Mb
sub-directories of 1Mb or more:
data 2.3Mb
libs 2.7Mb
Flavors: r-oldrel-macos-arm64, r-oldrel-macos-x86_64