Last updated on 2025-10-22 05:51:27 CEST.
Flavor | Version | Tinstall | Tcheck | Ttotal | Status | Flags |
---|---|---|---|---|---|---|
r-devel-linux-x86_64-debian-clang | 1.0.7 | 11.32 | 128.68 | 140.00 | NOTE | |
r-devel-linux-x86_64-debian-gcc | 1.0.7 | 9.84 | 101.27 | 111.11 | NOTE | |
r-devel-linux-x86_64-fedora-clang | 1.0.7 | 73.00 | 197.11 | 270.11 | OK | |
r-devel-linux-x86_64-fedora-gcc | 1.0.7 | 30.00 | 239.58 | 269.58 | OK | |
r-devel-windows-x86_64 | 1.0.7 | 62.00 | 666.00 | 728.00 | OK | |
r-patched-linux-x86_64 | 1.0.7 | 14.59 | 122.70 | 137.29 | OK | |
r-release-linux-x86_64 | 1.0.7 | 12.64 | 122.91 | 135.55 | OK | |
r-release-macos-arm64 | 1.0.7 | 8.00 | 74.00 | 82.00 | OK | |
r-release-macos-x86_64 | 1.0.7 | 15.00 | 138.00 | 153.00 | OK | |
r-release-windows-x86_64 | 1.0.7 | 70.00 | 601.00 | 671.00 | OK | |
r-oldrel-macos-arm64 | 1.0.7 | 9.00 | 76.00 | 85.00 | OK | |
r-oldrel-macos-x86_64 | 1.0.7 | 21.00 | 144.00 | 165.00 | OK | |
r-oldrel-windows-x86_64 | 1.0.7 | 52.00 | 473.00 | 525.00 | OK |
Version: 1.0.7
Check: HTML version of manual
Result: NOTE
Found the following HTML validation problems:
checkModel.html:48:1 (checkModel.Rd:11): Warning: missing </ul> before </div>
new_image.html:58:1 (new_image.Rd:18): Warning: missing </ul> before </div>
print.DNN.html:51:1 (print.DNN.Rd:12): Warning: missing </ul> before </div>
print.bioticStruct.html:51:1 (print.bioticStruct.Rd:12): Warning: missing </ul> before </div>
print.sjSDMinternalStructure.html:51:1 (print.sjSDMinternalStructure.Rd:12): Warning: missing </ul> before </div>
Flavors: r-devel-linux-x86_64-debian-clang, r-devel-linux-x86_64-debian-gcc