CRAN Package Check Results for Package slackr

Last updated on 2025-10-22 05:51:27 CEST.

Flavor Version Tinstall Tcheck Ttotal Status Flags
r-devel-linux-x86_64-debian-clang 3.3.1 4.29 52.33 56.62 NOTE
r-devel-linux-x86_64-debian-gcc 3.3.1 2.96 38.32 41.28 NOTE
r-devel-linux-x86_64-fedora-clang 3.3.1 32.00 58.32 90.32 OK
r-devel-linux-x86_64-fedora-gcc 3.3.1 19.00 78.41 97.41 OK
r-devel-windows-x86_64 3.3.1 7.00 70.00 77.00 OK
r-patched-linux-x86_64 3.3.1 4.91 47.46 52.37 OK
r-release-linux-x86_64 3.3.1 4.82 48.54 53.36 OK
r-release-macos-arm64 3.3.1 2.00 34.00 36.00 OK
r-release-macos-x86_64 3.3.1 4.00 59.00 63.00 OK
r-release-windows-x86_64 3.3.1 7.00 70.00 77.00 OK
r-oldrel-macos-arm64 3.3.1 2.00 33.00 35.00 OK
r-oldrel-macos-x86_64 3.3.1 3.00 50.00 53.00 OK
r-oldrel-windows-x86_64 3.3.1 11.00 82.00 93.00 OK

Check Details

Version: 3.3.1
Check: CRAN incoming feasibility
Result: NOTE Maintainer: ‘Matt Kaye <mrkaye97@gmail.com>’ No Authors@R field in DESCRIPTION. Please add one, modifying Authors@R: c(person(given = "Bob", family = "Rudis", role = c("aut", "cre")), person(given = "Jay", family = "Jacobs", role = "ctb"), person(given = "David", family = "Severski", role = "ctb"), person(given = "Quinn", family = "Weber", role = "ctb"), person(given = "Konrad", family = "Karczewski", role = "ctb"), person(given = "Shinya", family = "Uryu", role = "ctb"), person(given = "Gregory", family = "Jefferis", role = "ctb"), person(given = "Ed", family = "Niles", role = "ctb"), person(given = "Rick", family = "Saporta", role = "ctb"), person(given = "Jonathan", family = "Sidi", role = c("aut", "ctb")), person(given = "Matt", family = "Kaye", role = c("aut", "ctb", "cre"), email = "mrkaye97@gmail.com"), person(given = "Xinye", family = "Li", role = "ctb"), person(given = "Andrie", family = "de Vries", role = c("aut", "ctb"))) as necessary. Flavors: r-devel-linux-x86_64-debian-clang, r-devel-linux-x86_64-debian-gcc

Version: 3.3.1
Check: HTML version of manual
Result: NOTE Found the following HTML validation problems: slackr_delete.html:58:1 (slackr_delete.Rd:18): Warning: missing </ul> before </div> Flavors: r-devel-linux-x86_64-debian-clang, r-devel-linux-x86_64-debian-gcc