Last updated on 2025-10-24 04:51:10 CEST.
| Flavor | Version | Tinstall | Tcheck | Ttotal | Status | Flags |
|---|---|---|---|---|---|---|
| r-devel-linux-x86_64-debian-clang | 1.0.2 | 1.61 | 19.95 | 21.56 | NOTE | |
| r-devel-linux-x86_64-debian-gcc | 1.0.2 | 1.37 | 16.39 | 17.76 | NOTE | |
| r-devel-linux-x86_64-fedora-clang | 1.0.2 | 32.97 | OK | |||
| r-devel-linux-x86_64-fedora-gcc | 1.0.2 | 30.36 | OK | |||
| r-devel-windows-x86_64 | 1.0.2 | 2.00 | 39.00 | 41.00 | OK | |
| r-patched-linux-x86_64 | 1.0.2 | 1.65 | 19.07 | 20.72 | OK | |
| r-release-linux-x86_64 | 1.0.2 | 1.68 | 18.73 | 20.41 | OK | |
| r-release-macos-arm64 | 1.0.2 | 1.00 | 16.00 | 17.00 | OK | |
| r-release-macos-x86_64 | 1.0.2 | 2.00 | 23.00 | 25.00 | OK | |
| r-release-windows-x86_64 | 1.0.2 | 3.00 | 44.00 | 47.00 | OK | |
| r-oldrel-macos-arm64 | 1.0.2 | 1.00 | 14.00 | 15.00 | OK | |
| r-oldrel-macos-x86_64 | 1.0.2 | 2.00 | 22.00 | 24.00 | OK | |
| r-oldrel-windows-x86_64 | 1.0.2 | 2.00 | 39.00 | 41.00 | OK |
Version: 1.0.2
Check: CRAN incoming feasibility
Result: NOTE
Maintainer: ‘Muntashir-Al-Arefin <sheen4783@gmail.com>’
No Authors@R field in DESCRIPTION.
Please add one, modifying
Authors@R: c(person(family = "Muntashir-Al-Arefin",
role = c("aut", "cre"),
email = "sheen4783@gmail.com"),
person(given = c("Prof.", "Md.", "Ayub"),
family = "Al.",
role = "aut"))
as necessary.
Flavors: r-devel-linux-x86_64-debian-clang, r-devel-linux-x86_64-debian-gcc