Last updated on 2025-07-22 08:48:45 CEST.
Flavor | Version | Tinstall | Tcheck | Ttotal | Status | Flags |
---|---|---|---|---|---|---|
r-devel-linux-x86_64-debian-clang | 0.2.4 | 7.19 | 67.63 | 74.82 | OK | |
r-devel-linux-x86_64-debian-gcc | 0.2.4 | 5.19 | 46.31 | 51.50 | OK | |
r-devel-linux-x86_64-fedora-clang | 0.2.4 | 122.54 | OK | |||
r-devel-linux-x86_64-fedora-gcc | 0.2.4 | 109.44 | OK | |||
r-devel-windows-x86_64 | 0.2.4 | 9.00 | 90.00 | 99.00 | OK | |
r-patched-linux-x86_64 | 0.2.4 | 7.44 | 60.31 | 67.75 | OK | |
r-release-linux-x86_64 | 0.2.4 | 5.98 | 60.98 | 66.96 | OK | |
r-release-macos-arm64 | 0.2.4 | 36.00 | OK | |||
r-release-macos-x86_64 | 0.2.4 | 67.00 | OK | |||
r-release-windows-x86_64 | 0.2.4 | 10.00 | 87.00 | 97.00 | OK | |
r-oldrel-macos-arm64 | 0.2.4 | 34.00 | OK | |||
r-oldrel-macos-x86_64 | 0.2.4 | 57.00 | OK | |||
r-oldrel-windows-x86_64 | 0.2.4 | 10.00 | 92.00 | 102.00 | ERROR |
Version: 0.2.4
Check: examples
Result: ERROR
Running examples in 'snSMART-Ex.R' failed
The error most likely occurred in:
> ### Name: group_seq
> ### Title: BJSM method for interim analysis and final analysis of group
> ### sequential trial design
> ### Aliases: group_seq print.summary.group_seq print.group_seq
>
> ### ** Examples
>
> mydata <- groupseqDATA_look1
>
> result1 <- group_seq(
+ data = mydata, interim = TRUE, drop_threshold_pair = c(0.5, 0.4),
+ prior_dist = c("beta", "beta", "pareto"), pi_prior = c(0.4, 1.6, 0.4, 1.6, 0.4, 1.6),
+ beta_prior = c(1.6, 0.4, 3, 1), MCMC_SAMPLE = 6000, n.adapt = 1000, n_MCMC_chain = 1
+ )
Error in update.jags(model, n.iter, ...) : Error in node beta[1]
Slicer stuck at value with infinite density
Calls: group_seq ... do.call -> <Anonymous> -> jags.samples -> update.jags
Execution halted
Flavor: r-oldrel-windows-x86_64