Last updated on 2025-10-22 05:51:27 CEST.
Flavor | Version | Tinstall | Tcheck | Ttotal | Status | Flags |
---|---|---|---|---|---|---|
r-devel-linux-x86_64-debian-clang | 0.8.1 | 14.04 | 139.90 | 153.94 | NOTE | |
r-devel-linux-x86_64-debian-gcc | 0.8.1 | 8.17 | 93.36 | 101.53 | NOTE | |
r-devel-linux-x86_64-fedora-clang | 0.8.1 | 47.00 | 200.60 | 247.60 | OK | |
r-devel-linux-x86_64-fedora-gcc | 0.8.1 | 24.00 | 199.13 | 223.13 | OK | |
r-devel-windows-x86_64 | 0.8.1 | 14.00 | 165.00 | 179.00 | OK | |
r-patched-linux-x86_64 | 0.8.1 | 11.78 | 133.21 | 144.99 | OK | |
r-release-linux-x86_64 | 0.8.1 | 11.43 | 133.67 | 145.10 | OK | |
r-release-macos-arm64 | 0.8.1 | 4.00 | 40.00 | 44.00 | OK | |
r-release-macos-x86_64 | 0.8.1 | 13.00 | 85.00 | 98.00 | OK | |
r-release-windows-x86_64 | 0.8.1 | 16.00 | 157.00 | 173.00 | OK | |
r-oldrel-macos-arm64 | 0.8.1 | 4.00 | 52.00 | 56.00 | OK | |
r-oldrel-macos-x86_64 | 0.8.1 | 9.00 | 92.00 | 101.00 | OK | |
r-oldrel-windows-x86_64 | 0.8.1 | 18.00 | 190.00 | 208.00 | OK |
Version: 0.8.1
Check: HTML version of manual
Result: NOTE
Found the following HTML validation problems:
add.category.relations.html:68:1 (add.category.relations.Rd:24): Warning: missing </ul> before </div>
add.count.html:62:1 (add.count.Rd:19): Warning: missing </ul> before </div>
add.density.html:68:1 (add.density.Rd:24): Warning: missing </ul> before </div>
rename_aes.html:49:1 (rename_aes.Rd:12): Warning: missing </ul> before </div>
Flavors: r-devel-linux-x86_64-debian-clang, r-devel-linux-x86_64-debian-gcc