Last updated on 2025-10-22 05:51:27 CEST.
Flavor | Version | Tinstall | Tcheck | Ttotal | Status | Flags |
---|---|---|---|---|---|---|
r-devel-linux-x86_64-debian-clang | 0.0.7 | 15.31 | 149.12 | 164.43 | NOTE | |
r-devel-linux-x86_64-debian-gcc | 0.0.7 | 9.75 | 105.33 | 115.08 | NOTE | |
r-devel-linux-x86_64-fedora-clang | 0.0.7 | 76.00 | 197.64 | 273.64 | NOTE | |
r-devel-linux-x86_64-fedora-gcc | 0.0.7 | 32.00 | 261.43 | 293.43 | NOTE | |
r-devel-windows-x86_64 | 0.0.7 | 16.00 | 160.00 | 176.00 | NOTE | |
r-patched-linux-x86_64 | 0.0.7 | 15.27 | 137.36 | 152.63 | NOTE | |
r-release-linux-x86_64 | 0.0.7 | 13.64 | 137.27 | 150.91 | NOTE | |
r-release-macos-arm64 | 0.0.7 | 5.00 | 88.00 | 93.00 | ERROR | |
r-release-macos-x86_64 | 0.0.7 | 11.00 | 214.00 | 225.00 | NOTE | |
r-release-windows-x86_64 | 0.0.7 | 17.00 | 157.00 | 174.00 | NOTE | |
r-oldrel-macos-arm64 | 0.0.7 | 6.00 | 91.00 | 97.00 | ERROR | |
r-oldrel-macos-x86_64 | 0.0.7 | 10.00 | 184.00 | 194.00 | OK | |
r-oldrel-windows-x86_64 | 0.0.7 | 22.00 | 192.00 | 214.00 | OK |
Version: 0.0.7
Check: DESCRIPTION meta-information
Result: NOTE
Missing dependency on R >= 4.1.0 because package code uses the pipe
|> or function shorthand \(...) syntax added in R 4.1.0.
File(s) using such syntax:
‘soundSpeed.Rd’
Flavors: r-devel-linux-x86_64-debian-clang, r-devel-linux-x86_64-debian-gcc, r-devel-linux-x86_64-fedora-clang, r-devel-linux-x86_64-fedora-gcc, r-devel-windows-x86_64, r-patched-linux-x86_64, r-release-linux-x86_64, r-release-macos-arm64, r-release-macos-x86_64, r-release-windows-x86_64
Version: 0.0.7
Check: HTML version of manual
Result: NOTE
Found the following HTML validation problems:
PseudoWave-numeric-method.html:51:1 (PseudoWave-numeric-method.Rd:13): Warning: missing </ul> before </div>
ab_diel_traits.html:63:1 (ab_diel_traits.Rd:18): Warning: missing </ul> before </div>
audio_filesize.html:73:1 (audio_filesize.Rd:27): Warning: missing </ul> before </div>
audioblastDownload.html:74:1 (audioblastDownload.Rd:28): Warning: missing </ul> before </div>
channels_se.html:47:1 (channels_se.Rd:10): Warning: missing </ul> before </div>
circularise.html:48:1 (circularise.Rd:10): Warning: missing </ul> before </div>
dayPhases.html:58:1 (dayPhases.Rd:16): Warning: missing </ul> before </div>
daysPhases.html:73:1 (daysPhases.Rd:27): Warning: missing </ul> before </div>
dielFraction.html:55:1 (dielFraction.Rd:14): Warning: missing </ul> before </div>
dielPlot.html:83:1 (dielPlot.Rd:33): Warning: missing </ul> before </div>
dielRings.html:78:1 (dielRings.Rd:30): Warning: missing </ul> before </div>
emptyDiel.html:50:1 (emptyDiel.Rd:12): Warning: missing </ul> before </div>
emptyYearly.html:54:1 (emptyYearly.Rd:14): Warning: missing </ul> before </div>
frequencyStats.html:63:1 (frequencyStats.Rd:18): Warning: missing </ul> before </div>
generateTimeMask.html:60:1 (generateTimeMask.Rd:17): Warning: missing </ul> before </div>
pd_simple.html:78:1 (pd_simple.Rd:30): Warning: missing </ul> before </div>
plus-PseudoWave-numeric-method.html:51:1 (plus-PseudoWave-numeric-method.Rd:13): Warning: missing </ul> before </div>
plus-numeric-PseudoWave-method.html:51:1 (plus-numeric-PseudoWave-method.Rd:13): Warning: missing </ul> before </div>
pulseDetection.html:54:1 (pulseDetection.Rd:14): Warning: missing </ul> before </div>
radialPolygon.html:94:1 (radialPolygon.Rd:39): Warning: missing </ul> before </div>
readAudacityLabels.html:51:1 (readAudacityLabels.Rd:12): Warning: missing </ul> before </div>
slash-PseudoWave-numeric-method.html:51:1 (slash-PseudoWave-numeric-method.Rd:13): Warning: missing </ul> before </div>
sub-Wave-TimeRegion-method.html:51:1 (sub-Wave-TimeRegion-method.Rd:12): Warning: missing </ul> before </div>
times-PseudoWave-numeric-method.html:51:1 (times-PseudoWave-numeric-method.Rd:13): Warning: missing </ul> before </div>
times-numeric-PseudoWave-method.html:51:1 (times-numeric-PseudoWave-method.Rd:13): Warning: missing </ul> before </div>
tzRot.html:50:1 (tzRot.Rd:12): Warning: missing </ul> before </div>
validateIsWave.html:46:1 (validateIsWave.Rd:10): Warning: missing </ul> before </div>
yearlyFraction.html:58:1 (yearlyFraction.Rd:16): Warning: missing </ul> before </div>
yearlyPlot.html:78:1 (yearlyPlot.Rd:30): Warning: missing </ul> before </div>
Flavors: r-devel-linux-x86_64-debian-clang, r-devel-linux-x86_64-debian-gcc
Version: 0.0.7
Check: tests
Result: ERROR
Running ‘spelling.R’ [0s/0s]
Running ‘testthat.R’ [25s/34s]
Running the tests in ‘tests/testthat.R’ failed.
Complete output:
> # This file is part of the standard setup for testthat.
> # It is recommended that you do not modify it.
> #
> # Where should you do additional test configuration?
> # Learn more about the roles of various files in:
> # * https://r-pkgs.org/testing-design.html#sec-tests-files-overview
> # * https://testthat.r-lib.org/articles/special-files.html
>
> library(testthat)
> library(sonicscrewdriver)
Attaching package: 'sonicscrewdriver'
The following object is masked from 'package:base':
jitter
>
> test_check("sonicscrewdriver")
starting worker pid=46017 on localhost:11467 at 20:24:50.327
starting worker pid=46019 on localhost:11467 at 20:24:50.339
starting worker pid=46046 on localhost:11467 at 20:24:50.440
starting worker pid=46049 on localhost:11467 at 20:24:50.455
starting worker pid=46053 on localhost:11467 at 20:24:50.531
starting worker pid=46054 on localhost:11467 at 20:24:50.541
This is a mono file.
Calculating index. Please wait...
Bioacoustic Index: 10.97174
This is a mono file.
Calculating index. Please wait...
Bioacoustic Index: 10.97174
This is a mono file.
Calculating index. Please wait...
Acoustic Evenness Index: 0.9
This is a mono file.
Calculating index. Please wait...
Acoustic Evenness Index: 0.9
This is a mono file.
Calculating index. Please wait...
Acoustic Diversity Index: 0
This is a mono file.
Calculating index. Please wait...
Acoustic Diversity Index: 0
starting worker pid=46119 on localhost:11467 at 20:24:51.861
starting worker pid=46121 on localhost:11467 at 20:24:51.866
This is a mono file.
Calculating index. Please wait...
This is a mono file.
Calculating index. Please wait...
Bioacoustic Index: 10.97174
Bioacoustic Index: 10.97174
This is a mono file.
Calculating index. Please wait...
This is a mono file.
Calculating index. Please wait...
Acoustic Evenness Index: 0.9
Acoustic Evenness Index: 0.9
This is a mono file.
Calculating index. Please wait...
This is a mono file.
Calculating index. Please wait...
Acoustic Diversity Index: 0
Acoustic Diversity Index: 0
starting worker pid=49225 on localhost:11467 at 07:25:13.440
starting worker pid=49226 on localhost:11467 at 07:25:13.447
starting worker pid=49270 on localhost:11467 at 07:25:14.112
starting worker pid=49272 on localhost:11467 at 07:25:14.117
starting worker pid=49324 on localhost:11467 at 07:25:15.147
starting worker pid=49327 on localhost:11467 at 07:25:15.155
[ FAIL 18 | WARN 0 | SKIP 7 | PASS 821 ]
══ Skipped tests (7) ═══════════════════════════════════════════════════════════
• On CRAN (5): 'test-audioblast.R:2:3', 'test-audioblast.R:15:3',
'test-audioblast.R:30:3', 'test-audioblast.R:47:3', 'test-audioblast.R:68:3'
• ssd_birdnet not available for testing (2): 'test-birdnetReticulate.R:14:3',
'test-birdnetReticulate.R:20:3'
══ Failed tests ════════════════════════════════════════════════════════════════
── Failure ('test-audioblastProcessors.R:9:3'): ab_diel_traits with real data ──
data2$value_min[1] (`actual`) not equal to 1538 (`expected`).
`actual`: 1539.0
`expected`: 1538.0
── Failure ('test-audioblastProcessors.R:14:3'): ab_diel_traits with real data ──
data2$value_min[1] (`actual`) not equal to 1538 (`expected`).
`actual`: 1539.0
`expected`: 1538.0
── Failure ('test-audioblastProcessors.R:19:3'): ab_diel_traits with real data ──
data2$value_min[1] (`actual`) not equal to 1538 (`expected`).
`actual`: 1539.0
`expected`: 1538.0
── Failure ('test-audioblastProcessors.R:55:3'): .calcTimesOfDay() works as expected ──
as.character(o[1, ]) (`actual`) not equal to c("0427", "1946") (`expected`).
`actual`: "0425" "1948"
`expected`: "0427" "1946"
── Failure ('test-audioblastProcessors.R:56:3'): .calcTimesOfDay() works as expected ──
as.character(o[2, ]) (`actual`) not equal to c("2248", "0124") (`expected`).
`actual`: "2254" "0119"
`expected`: "2248" "0124"
── Failure ('test-audioblastProcessors.R:58:3'): .calcTimesOfDay() works as expected ──
as.character(o[4, ]) (`actual`) not equal to c("1206", "2248") (`expected`).
`actual`: "1207" "2254"
`expected`: "1206" "2248"
── Failure ('test-audioblastProcessors.R:67:3'): .calcTimesOfDay() works as expected ──
as.character(o[1, ]) (`actual`) not equal to c("1300", "1946") (`expected`).
`actual`: "1300" "1948"
`expected`: "1300" "1946"
── Failure ('test-audioblastProcessors.R:68:3'): .calcTimesOfDay() works as expected ──
as.character(o[2, ]) (`actual`) not equal to c("2248", "0124") (`expected`).
`actual`: "2254" "0119"
`expected`: "2248" "0124"
── Failure ('test-audioblastProcessors.R:70:3'): .calcTimesOfDay() works as expected ──
as.character(o[4, ]) (`actual`) not equal to c("1206", "2248") (`expected`).
`actual`: "1207" "2254"
`expected`: "1206" "2248"
── Failure ('test-audioblastProcessors.R:78:3'): .calcTimesOfDay() works as expected ──
as.character(o[1, ]) (`actual`) not equal to c("1300", "1946") (`expected`).
`actual`: "1300" "1948"
`expected`: "1300" "1946"
── Failure ('test-audioblastProcessors.R:79:3'): .calcTimesOfDay() works as expected ──
as.character(o[2, ]) (`actual`) not equal to c("2248", "0200") (`expected`).
`actual`: "2254" "0200"
`expected`: "2248" "0200"
── Failure ('test-audioblastProcessors.R:81:3'): .calcTimesOfDay() works as expected ──
as.character(o[4, ]) (`actual`) not equal to c("1206", "2248") (`expected`).
`actual`: "1207" "2254"
`expected`: "1206" "2248"
── Failure ('test-audioblastProcessors.R:90:3'): .calcTimesOfDay() works as expected ──
as.character(o[1, ]) (`actual`) not equal to c("1300", "1946") (`expected`).
`actual`: "1300" "1948"
`expected`: "1300" "1946"
── Failure ('test-audioblastProcessors.R:91:3'): .calcTimesOfDay() works as expected ──
as.character(o[2, ]) (`actual`) not equal to c("2248", "0200") (`expected`).
`actual`: "2254" "0200"
`expected`: "2248" "0200"
── Failure ('test-audioblastProcessors.R:93:3'): .calcTimesOfDay() works as expected ──
as.character(o[4, ]) (`actual`) not equal to c("1206", "2248") (`expected`).
`actual`: "1207" "2254"
`expected`: "1206" "2248"
── Failure ('test-audioblastProcessors.R:102:3'): .calcTimesOfDay() works as expected ──
as.character(o[1, ]) (`actual`) not equal to c("0427", "1946") (`expected`).
`actual`: "0425" "1948"
`expected`: "0427" "1946"
── Failure ('test-audioblastProcessors.R:103:3'): .calcTimesOfDay() works as expected ──
as.character(o[2, ]) (`actual`) not equal to c("2248", "0124") (`expected`).
`actual`: "2254" "0119"
`expected`: "2248" "0124"
── Failure ('test-audioblastProcessors.R:105:3'): .calcTimesOfDay() works as expected ──
as.character(o[4, ]) (`actual`) not equal to c("1206", "2248") (`expected`).
`actual`: "1207" "2254"
`expected`: "1206" "2248"
[ FAIL 18 | WARN 0 | SKIP 7 | PASS 821 ]
Error: Test failures
Execution halted
Flavor: r-release-macos-arm64
Version: 0.0.7
Check: tests
Result: ERROR
Running ‘spelling.R’ [0s/0s]
Running ‘testthat.R’ [17s/23s]
Running the tests in ‘tests/testthat.R’ failed.
Complete output:
> # This file is part of the standard setup for testthat.
> # It is recommended that you do not modify it.
> #
> # Where should you do additional test configuration?
> # Learn more about the roles of various files in:
> # * https://r-pkgs.org/testing-design.html#sec-tests-files-overview
> # * https://testthat.r-lib.org/articles/special-files.html
>
> library(testthat)
> library(sonicscrewdriver)
Attaching package: 'sonicscrewdriver'
The following object is masked from 'package:base':
jitter
>
> test_check("sonicscrewdriver")
starting worker pid=20706 on localhost:11639 at 16:30:14.523
starting worker pid=20717 on localhost:11639 at 16:30:14.531
starting worker pid=20779 on localhost:11639 at 16:30:14.604
starting worker pid=20789 on localhost:11639 at 16:30:14.610
starting worker pid=20812 on localhost:11639 at 16:30:14.673
starting worker pid=20819 on localhost:11639 at 16:30:14.678
This is a mono file.
Calculating index. Please wait...
Bioacoustic Index: 10.97174
This is a mono file.
Calculating index. Please wait...
Bioacoustic Index: 10.97174
This is a mono file.
Calculating index. Please wait...
Acoustic Evenness Index: 0.9
This is a mono file.
Calculating index. Please wait...
Acoustic Evenness Index: 0.9
This is a mono file.
Calculating index. Please wait...
Acoustic Diversity Index: 0
This is a mono file.
Calculating index. Please wait...
Acoustic Diversity Index: 0
starting worker pid=21813 on localhost:11639 at 16:30:16.103
starting worker pid=21817 on localhost:11639 at 16:30:16.109
This is a mono file.
Calculating index. Please wait...
This is a mono file.
Calculating index. Please wait...
Bioacoustic Index: 10.97174
Bioacoustic Index: 10.97174
This is a mono file.
Calculating index. Please wait...
This is a mono file.
Calculating index. Please wait...
Acoustic Evenness Index: 0.9
Acoustic Evenness Index: 0.9
This is a mono file.
Calculating index. Please wait...
This is a mono file.
Calculating index. Please wait...
Acoustic Diversity Index: 0
Acoustic Diversity Index: 0
starting worker pid=30044 on localhost:11639 at 03:30:26.936
starting worker pid=30045 on localhost:11639 at 03:30:26.942
starting worker pid=30600 on localhost:11639 at 03:30:27.702
starting worker pid=30613 on localhost:11639 at 03:30:27.711
starting worker pid=31483 on localhost:11639 at 03:30:28.863
starting worker pid=31485 on localhost:11639 at 03:30:28.868
[ FAIL 18 | WARN 0 | SKIP 7 | PASS 821 ]
══ Skipped tests (7) ═══════════════════════════════════════════════════════════
• On CRAN (5): 'test-audioblast.R:2:3', 'test-audioblast.R:15:3',
'test-audioblast.R:30:3', 'test-audioblast.R:47:3', 'test-audioblast.R:68:3'
• ssd_birdnet not available for testing (2): 'test-birdnetReticulate.R:14:3',
'test-birdnetReticulate.R:20:3'
══ Failed tests ════════════════════════════════════════════════════════════════
── Failure ('test-audioblastProcessors.R:9:3'): ab_diel_traits with real data ──
data2$value_min[1] (`actual`) not equal to 1538 (`expected`).
`actual`: 1539.0
`expected`: 1538.0
── Failure ('test-audioblastProcessors.R:14:3'): ab_diel_traits with real data ──
data2$value_min[1] (`actual`) not equal to 1538 (`expected`).
`actual`: 1539.0
`expected`: 1538.0
── Failure ('test-audioblastProcessors.R:19:3'): ab_diel_traits with real data ──
data2$value_min[1] (`actual`) not equal to 1538 (`expected`).
`actual`: 1539.0
`expected`: 1538.0
── Failure ('test-audioblastProcessors.R:55:3'): .calcTimesOfDay() works as expected ──
as.character(o[1, ]) (`actual`) not equal to c("0427", "1946") (`expected`).
`actual`: "0425" "1948"
`expected`: "0427" "1946"
── Failure ('test-audioblastProcessors.R:56:3'): .calcTimesOfDay() works as expected ──
as.character(o[2, ]) (`actual`) not equal to c("2248", "0124") (`expected`).
`actual`: "2254" "0119"
`expected`: "2248" "0124"
── Failure ('test-audioblastProcessors.R:58:3'): .calcTimesOfDay() works as expected ──
as.character(o[4, ]) (`actual`) not equal to c("1206", "2248") (`expected`).
`actual`: "1207" "2254"
`expected`: "1206" "2248"
── Failure ('test-audioblastProcessors.R:67:3'): .calcTimesOfDay() works as expected ──
as.character(o[1, ]) (`actual`) not equal to c("1300", "1946") (`expected`).
`actual`: "1300" "1948"
`expected`: "1300" "1946"
── Failure ('test-audioblastProcessors.R:68:3'): .calcTimesOfDay() works as expected ──
as.character(o[2, ]) (`actual`) not equal to c("2248", "0124") (`expected`).
`actual`: "2254" "0119"
`expected`: "2248" "0124"
── Failure ('test-audioblastProcessors.R:70:3'): .calcTimesOfDay() works as expected ──
as.character(o[4, ]) (`actual`) not equal to c("1206", "2248") (`expected`).
`actual`: "1207" "2254"
`expected`: "1206" "2248"
── Failure ('test-audioblastProcessors.R:78:3'): .calcTimesOfDay() works as expected ──
as.character(o[1, ]) (`actual`) not equal to c("1300", "1946") (`expected`).
`actual`: "1300" "1948"
`expected`: "1300" "1946"
── Failure ('test-audioblastProcessors.R:79:3'): .calcTimesOfDay() works as expected ──
as.character(o[2, ]) (`actual`) not equal to c("2248", "0200") (`expected`).
`actual`: "2254" "0200"
`expected`: "2248" "0200"
── Failure ('test-audioblastProcessors.R:81:3'): .calcTimesOfDay() works as expected ──
as.character(o[4, ]) (`actual`) not equal to c("1206", "2248") (`expected`).
`actual`: "1207" "2254"
`expected`: "1206" "2248"
── Failure ('test-audioblastProcessors.R:90:3'): .calcTimesOfDay() works as expected ──
as.character(o[1, ]) (`actual`) not equal to c("1300", "1946") (`expected`).
`actual`: "1300" "1948"
`expected`: "1300" "1946"
── Failure ('test-audioblastProcessors.R:91:3'): .calcTimesOfDay() works as expected ──
as.character(o[2, ]) (`actual`) not equal to c("2248", "0200") (`expected`).
`actual`: "2254" "0200"
`expected`: "2248" "0200"
── Failure ('test-audioblastProcessors.R:93:3'): .calcTimesOfDay() works as expected ──
as.character(o[4, ]) (`actual`) not equal to c("1206", "2248") (`expected`).
`actual`: "1207" "2254"
`expected`: "1206" "2248"
── Failure ('test-audioblastProcessors.R:102:3'): .calcTimesOfDay() works as expected ──
as.character(o[1, ]) (`actual`) not equal to c("0427", "1946") (`expected`).
`actual`: "0425" "1948"
`expected`: "0427" "1946"
── Failure ('test-audioblastProcessors.R:103:3'): .calcTimesOfDay() works as expected ──
as.character(o[2, ]) (`actual`) not equal to c("2248", "0124") (`expected`).
`actual`: "2254" "0119"
`expected`: "2248" "0124"
── Failure ('test-audioblastProcessors.R:105:3'): .calcTimesOfDay() works as expected ──
as.character(o[4, ]) (`actual`) not equal to c("1206", "2248") (`expected`).
`actual`: "1207" "2254"
`expected`: "1206" "2248"
[ FAIL 18 | WARN 0 | SKIP 7 | PASS 821 ]
Error: Test failures
Execution halted
Flavor: r-oldrel-macos-arm64