Last updated on 2025-10-24 04:51:11 CEST.
| Flavor | Version | Tinstall | Tcheck | Ttotal | Status | Flags |
|---|---|---|---|---|---|---|
| r-devel-linux-x86_64-debian-clang | 1.3.3 | 10.77 | 91.00 | 101.77 | NOTE | |
| r-devel-linux-x86_64-debian-gcc | 1.3.3 | 7.22 | 67.44 | 74.66 | NOTE | |
| r-devel-linux-x86_64-fedora-clang | 1.3.3 | 51.00 | 115.45 | 166.45 | OK | |
| r-devel-linux-x86_64-fedora-gcc | 1.3.3 | 21.00 | 156.57 | 177.57 | OK | |
| r-devel-windows-x86_64 | 1.3.3 | 12.00 | 95.00 | 107.00 | OK | |
| r-patched-linux-x86_64 | 1.3.3 | 9.91 | 86.15 | 96.06 | OK | |
| r-release-linux-x86_64 | 1.3.3 | 9.74 | 86.92 | 96.66 | OK | |
| r-release-macos-arm64 | 1.3.3 | 5.00 | 60.00 | 65.00 | OK | |
| r-release-macos-x86_64 | 1.3.3 | 9.00 | 100.00 | 109.00 | OK | |
| r-release-windows-x86_64 | 1.3.3 | 11.00 | 96.00 | 107.00 | OK | |
| r-oldrel-macos-arm64 | 1.3.3 | 5.00 | 50.00 | 55.00 | OK | |
| r-oldrel-macos-x86_64 | 1.3.3 | 7.00 | 80.00 | 87.00 | OK | |
| r-oldrel-windows-x86_64 | 1.3.3 | 15.00 | 116.00 | 131.00 | OK |
Version: 1.3.3
Check: CRAN incoming feasibility
Result: NOTE
Maintainer: ‘Luis J. Villanueva-Rivera <ljvillanueva@coquipr.com>’
No Authors@R field in DESCRIPTION.
Please add one, modifying
Authors@R: c(person(given = c("Luis", "J."),
family = "Villanueva-Rivera",
role = c("aut", "cre"),
email = "ljvillanueva@coquipr.com"),
person(given = c("Bryan", "C."),
family = "Pijanowski",
role = "aut"))
as necessary.
Flavors: r-devel-linux-x86_64-debian-clang, r-devel-linux-x86_64-debian-gcc