Last updated on 2025-10-22 05:51:28 CEST.
Flavor | Version | Tinstall | Tcheck | Ttotal | Status | Flags |
---|---|---|---|---|---|---|
r-devel-linux-x86_64-debian-clang | 0.0-4 | 55.07 | 135.69 | 190.76 | OK | |
r-devel-linux-x86_64-debian-gcc | 0.0-4 | 37.78 | 96.01 | 133.79 | OK | |
r-devel-linux-x86_64-fedora-clang | 0.0-4 | 229.00 | 97.96 | 326.96 | OK | |
r-devel-linux-x86_64-fedora-gcc | 0.0-4 | 86.00 | 235.38 | 321.38 | OK | |
r-devel-windows-x86_64 | 0.0-4 | 62.00 | 194.00 | 256.00 | OK | |
r-patched-linux-x86_64 | 0.0-4 | 59.55 | 130.78 | 190.33 | OK | |
r-release-linux-x86_64 | 0.0-4 | 55.56 | 128.75 | 184.31 | OK | |
r-release-macos-arm64 | 0.0-4 | 25.00 | 111.00 | 136.00 | OK | |
r-release-macos-x86_64 | 0.0-4 | 37.00 | 193.00 | 230.00 | OK | |
r-release-windows-x86_64 | 0.0-4 | 62.00 | 216.00 | 278.00 | OK | |
r-oldrel-macos-arm64 | 0.0-4 | 24.00 | 99.00 | 123.00 | NOTE | |
r-oldrel-macos-x86_64 | 0.0-4 | 55.00 | 178.00 | 233.00 | NOTE | |
r-oldrel-windows-x86_64 | 0.0-4 | 74.00 | 254.00 | 328.00 | OK |
Version: 0.0-4
Check: installed package size
Result: NOTE
installed size is 6.5Mb
sub-directories of 1Mb or more:
libs 6.2Mb
Flavors: r-oldrel-macos-arm64, r-oldrel-macos-x86_64