Last updated on 2025-07-21 08:50:18 CEST.
Flavor | Version | Tinstall | Tcheck | Ttotal | Status | Flags |
---|---|---|---|---|---|---|
r-devel-linux-x86_64-debian-clang | 1.3 | 166.58 | 210.55 | 377.13 | NOTE | |
r-devel-linux-x86_64-debian-gcc | 1.3 | 110.20 | 155.84 | 266.04 | NOTE | |
r-devel-linux-x86_64-fedora-clang | 1.3 | 653.50 | OK | |||
r-devel-linux-x86_64-fedora-gcc | 1.3 | 607.72 | OK | |||
r-devel-windows-x86_64 | 1.3 | 186.00 | 234.00 | 420.00 | OK | |
r-patched-linux-x86_64 | 1.3 | 157.23 | 208.91 | 366.14 | OK | |
r-release-linux-x86_64 | 1.3 | 157.05 | 226.18 | 383.23 | OK | |
r-release-macos-arm64 | 1.3 | 308.00 | OK | |||
r-release-macos-x86_64 | 1.3 | 333.00 | OK | |||
r-release-windows-x86_64 | 1.3 | 186.00 | 237.00 | 423.00 | OK | |
r-oldrel-macos-arm64 | 1.3 | 233.00 | NOTE | |||
r-oldrel-macos-x86_64 | 1.3 | 306.00 | NOTE | |||
r-oldrel-windows-x86_64 | 1.3 | 217.00 | 379.00 | 596.00 | OK |
Version: 1.3
Check: CRAN incoming feasibility
Result: NOTE
Maintainer: ‘Samuel I. Berchuck <sib2@duke.edu>’
The Description field contains
visual field data", <arXiv:1811.11038>.
Please refer to arXiv e-prints via their arXiv DOI <doi:10.48550/arXiv.YYMM.NNNNN>.
Flavors: r-devel-linux-x86_64-debian-clang, r-devel-linux-x86_64-debian-gcc
Version: 1.3
Check: installed package size
Result: NOTE
installed size is 8.8Mb
sub-directories of 1Mb or more:
libs 8.1Mb
Flavors: r-oldrel-macos-arm64, r-oldrel-macos-x86_64