CRAN Package Check Results for Package sparkavro

Last updated on 2025-10-22 05:51:28 CEST.

Flavor Version Tinstall Tcheck Ttotal Status Flags
r-devel-linux-x86_64-debian-clang 0.3.0 5.73 54.16 59.89 NOTE
r-devel-linux-x86_64-debian-gcc 0.3.0 4.42 39.73 44.15 NOTE
r-devel-linux-x86_64-fedora-clang 0.3.0 31.00 69.79 100.79 OK
r-devel-linux-x86_64-fedora-gcc 0.3.0 13.00 75.91 88.91 OK
r-devel-windows-x86_64 0.3.0 7.00 70.00 77.00 OK
r-patched-linux-x86_64 0.3.0 5.91 52.32 58.23 OK
r-release-linux-x86_64 0.3.0 5.83 51.26 57.09 OK
r-release-macos-arm64 0.3.0 3.00 27.00 30.00 OK
r-release-macos-x86_64 0.3.0 5.00 58.00 63.00 OK
r-release-windows-x86_64 0.3.0 8.00 71.00 79.00 OK
r-oldrel-macos-arm64 0.3.0 3.00 26.00 29.00 NOTE
r-oldrel-macos-x86_64 0.3.0 4.00 38.00 42.00 NOTE
r-oldrel-windows-x86_64 0.3.0 9.00 84.00 93.00 NOTE

Check Details

Version: 0.3.0
Check: CRAN incoming feasibility
Result: NOTE Maintainer: ‘Aki Ariga <chezou@gmail.com>’ No Authors@R field in DESCRIPTION. Please add one, modifying Authors@R: person(given = "Aki", family = "Ariga", role = c("aut", "cre"), email = "chezou@gmail.com") as necessary. The BugReports field in DESCRIPTION has https://github.com/chezou/sparkavro which should likely be https://github.com/chezou/sparkavro/issues instead. Flavors: r-devel-linux-x86_64-debian-clang, r-devel-linux-x86_64-debian-gcc

Version: 0.3.0
Check: HTML version of manual
Result: NOTE Found the following HTML validation problems: spark_write_avro.html:60:1 (spark_write_avro.Rd:17): Warning: missing </ul> before </div> Flavors: r-devel-linux-x86_64-debian-clang, r-devel-linux-x86_64-debian-gcc

Version: 0.3.0
Check: LazyData
Result: NOTE 'LazyData' is specified without a 'data' directory Flavors: r-oldrel-macos-arm64, r-oldrel-macos-x86_64, r-oldrel-windows-x86_64