Last updated on 2025-10-22 05:51:28 CEST.
Flavor | Version | Tinstall | Tcheck | Ttotal | Status | Flags |
---|---|---|---|---|---|---|
r-devel-linux-x86_64-debian-clang | 0.1.1 | 6.15 | 55.89 | 62.04 | NOTE | |
r-devel-linux-x86_64-debian-gcc | 0.1.1 | 4.11 | 40.04 | 44.15 | NOTE | |
r-devel-linux-x86_64-fedora-clang | 0.1.1 | 38.00 | 62.16 | 100.16 | OK | |
r-devel-linux-x86_64-fedora-gcc | 0.1.1 | 12.00 | 77.55 | 89.55 | OK | |
r-devel-windows-x86_64 | 0.1.1 | 7.00 | 65.00 | 72.00 | OK | |
r-patched-linux-x86_64 | 0.1.1 | 6.31 | 51.91 | 58.22 | OK | |
r-release-linux-x86_64 | 0.1.1 | 6.34 | 51.55 | 57.89 | OK | |
r-release-macos-arm64 | 0.1.1 | 3.00 | 27.00 | 30.00 | OK | |
r-release-macos-x86_64 | 0.1.1 | 6.00 | 52.00 | 58.00 | OK | |
r-release-windows-x86_64 | 0.1.1 | 7.00 | 67.00 | 74.00 | OK | |
r-oldrel-macos-arm64 | 0.1.1 | 3.00 | 25.00 | 28.00 | NOTE | |
r-oldrel-macos-x86_64 | 0.1.1 | 4.00 | 39.00 | 43.00 | NOTE | |
r-oldrel-windows-x86_64 | 0.1.1 | 10.00 | 82.00 | 92.00 | NOTE |
Version: 0.1.1
Check: HTML version of manual
Result: NOTE
Found the following HTML validation problems:
hail_config.html:46:1 (hail_config.Rd:10): Warning: missing </ul> before </div>
hail_get_1kg.html:48:1 (hail_get_1kg.Rd:11): Warning: missing </ul> before </div>
hail_install.html:55:1 (hail_install.Rd:17): Warning: missing </ul> before </div>
Flavors: r-devel-linux-x86_64-debian-clang, r-devel-linux-x86_64-debian-gcc
Version: 0.1.1
Check: LazyData
Result: NOTE
'LazyData' is specified without a 'data' directory
Flavors: r-oldrel-macos-arm64, r-oldrel-macos-x86_64, r-oldrel-windows-x86_64