Last updated on 2025-10-22 05:51:28 CEST.
Flavor | Version | Tinstall | Tcheck | Ttotal | Status | Flags |
---|---|---|---|---|---|---|
r-devel-linux-x86_64-debian-clang | 0.0.4 | 5.95 | 59.55 | 65.50 | NOTE | |
r-devel-linux-x86_64-debian-gcc | 0.0.4 | 3.78 | 41.31 | 45.09 | NOTE | |
r-devel-linux-x86_64-fedora-clang | 0.0.4 | 29.00 | 72.00 | 101.00 | NOTE | |
r-devel-linux-x86_64-fedora-gcc | 0.0.4 | 14.00 | 77.58 | 91.58 | NOTE | |
r-devel-windows-x86_64 | 0.0.4 | 9.00 | 67.00 | 76.00 | NOTE | |
r-patched-linux-x86_64 | 0.0.4 | 6.65 | 53.12 | 59.77 | NOTE | |
r-release-linux-x86_64 | 0.0.4 | 6.38 | 53.00 | 59.38 | NOTE | |
r-release-macos-arm64 | 0.0.4 | 3.00 | 27.00 | 30.00 | NOTE | |
r-release-macos-x86_64 | 0.0.4 | 6.00 | 45.00 | 51.00 | NOTE | |
r-release-windows-x86_64 | 0.0.4 | 9.00 | 69.00 | 78.00 | NOTE | |
r-oldrel-macos-arm64 | 0.0.4 | 3.00 | 26.00 | 29.00 | NOTE | |
r-oldrel-macos-x86_64 | 0.0.4 | 5.00 | 40.00 | 45.00 | NOTE | |
r-oldrel-windows-x86_64 | 0.0.4 | 11.00 | 83.00 | 94.00 | NOTE |
Version: 0.0.4
Check: Rd files
Result: NOTE
checkRd: (-1) sdf_unnest.Rd:20: Lost braces
20 | \code{a1, a2, a3}, then code{sdf_explode(df, a)} will produce output with each record replicated
| ^
Flavors: r-devel-linux-x86_64-debian-clang, r-devel-linux-x86_64-debian-gcc, r-devel-linux-x86_64-fedora-clang, r-devel-linux-x86_64-fedora-gcc, r-devel-windows-x86_64, r-patched-linux-x86_64, r-release-linux-x86_64, r-release-macos-arm64, r-release-macos-x86_64, r-release-windows-x86_64, r-oldrel-macos-arm64, r-oldrel-macos-x86_64, r-oldrel-windows-x86_64
Version: 0.0.4
Check: HTML version of manual
Result: NOTE
Found the following HTML validation problems:
struct_type.html:102:1 (struct_type.Rd:67): Warning: missing </ul> before </div>
Flavors: r-devel-linux-x86_64-debian-clang, r-devel-linux-x86_64-debian-gcc