Last updated on 2025-10-22 05:51:28 CEST.
Flavor | Version | Tinstall | Tcheck | Ttotal | Status | Flags |
---|---|---|---|---|---|---|
r-devel-linux-x86_64-debian-clang | 0.3.4 | 5.56 | 52.76 | 58.32 | NOTE | |
r-devel-linux-x86_64-debian-gcc | 0.3.4 | 4.31 | 39.22 | 43.53 | NOTE | |
r-devel-linux-x86_64-fedora-clang | 0.3.4 | 25.00 | 68.19 | 93.19 | OK | |
r-devel-linux-x86_64-fedora-gcc | 0.3.4 | 14.00 | 83.60 | 97.60 | OK | |
r-devel-windows-x86_64 | 0.3.4 | 12.00 | 74.00 | 86.00 | OK | |
r-patched-linux-x86_64 | 0.3.4 | 6.09 | 49.69 | 55.78 | OK | |
r-release-linux-x86_64 | 0.3.4 | 5.98 | 48.99 | 54.97 | OK | |
r-release-macos-arm64 | 0.3.4 | 4.00 | 56.00 | 60.00 | OK | |
r-release-macos-x86_64 | 0.3.4 | 9.00 | 142.00 | 151.00 | OK | |
r-release-windows-x86_64 | 0.3.4 | 13.00 | 75.00 | 88.00 | OK | |
r-oldrel-macos-arm64 | 0.3.4 | 5.00 | 36.00 | 41.00 | OK | |
r-oldrel-macos-x86_64 | 0.3.4 | 14.00 | 120.00 | 134.00 | OK | |
r-oldrel-windows-x86_64 | 0.3.4 | 18.00 | 91.00 | 109.00 | OK |
Version: 0.3.4
Check: HTML version of manual
Result: NOTE
Found the following HTML validation problems:
sparsevctrs_options.html:57:1 (sparsevctrs_options.Rd:29): Warning: missing </ul> before </div>
Flavors: r-devel-linux-x86_64-debian-clang, r-devel-linux-x86_64-debian-gcc