Last updated on 2025-10-24 04:51:11 CEST.
| Flavor | Version | Tinstall | Tcheck | Ttotal | Status | Flags |
|---|---|---|---|---|---|---|
| r-devel-linux-x86_64-debian-clang | 3.6-0 | 61.51 | 361.61 | 423.12 | OK | |
| r-devel-linux-x86_64-debian-gcc | 3.6-0 | 43.05 | 234.13 | 277.18 | OK | |
| r-devel-linux-x86_64-fedora-clang | 3.6-0 | 281.00 | 369.10 | 650.10 | OK | |
| r-devel-linux-x86_64-fedora-gcc | 3.6-0 | 134.00 | 467.76 | 601.76 | OK | |
| r-devel-windows-x86_64 | 3.6-0 | 78.00 | 485.00 | 563.00 | OK | |
| r-patched-linux-x86_64 | 3.6-0 | 71.01 | 334.92 | 405.93 | OK | |
| r-release-linux-x86_64 | 3.6-0 | 54.14 | 335.78 | 389.92 | OK | |
| r-release-macos-arm64 | 3.6-0 | 28.00 | 131.00 | 159.00 | OK | |
| r-release-macos-x86_64 | 3.6-0 | 48.00 | 271.00 | 319.00 | OK | |
| r-release-windows-x86_64 | 3.6-0 | 82.00 | 469.00 | 551.00 | OK | |
| r-oldrel-macos-arm64 | 3.6-0 | 29.00 | 131.00 | 160.00 | NOTE | |
| r-oldrel-macos-x86_64 | 3.6-0 | 56.00 | 248.00 | 304.00 | NOTE | |
| r-oldrel-windows-x86_64 | 3.6-0 | 99.00 | 579.00 | 678.00 | OK |
Version: 3.6-0
Check: installed package size
Result: NOTE
installed size is 6.1Mb
sub-directories of 1Mb or more:
R 2.1Mb
help 2.9Mb
Flavors: r-oldrel-macos-arm64, r-oldrel-macos-x86_64