Last updated on 2025-07-20 11:50:15 CEST.
Flavor | Version | Tinstall | Tcheck | Ttotal | Status | Flags |
---|---|---|---|---|---|---|
r-devel-linux-x86_64-debian-clang | 1.4.0 | 132.53 | 215.26 | 347.79 | NOTE | |
r-devel-linux-x86_64-debian-gcc | 1.4.0 | 99.31 | 136.23 | 235.54 | NOTE | |
r-devel-linux-x86_64-fedora-clang | 1.4.0 | 577.03 | OK | |||
r-devel-linux-x86_64-fedora-gcc | 1.4.0 | 679.82 | OK | |||
r-devel-windows-x86_64 | 1.4.0 | 157.00 | 431.00 | 588.00 | NOTE | |
r-patched-linux-x86_64 | 1.4.0 | 150.70 | 203.75 | 354.45 | NOTE | |
r-release-linux-x86_64 | 1.4.0 | 145.13 | 205.44 | 350.57 | NOTE | |
r-release-macos-arm64 | 1.4.0 | 229.00 | OK | |||
r-release-macos-x86_64 | 1.4.0 | 318.00 | OK | |||
r-release-windows-x86_64 | 1.4.0 | 155.00 | 450.00 | 605.00 | NOTE | |
r-oldrel-macos-arm64 | 1.4.0 | 226.00 | NOTE | |||
r-oldrel-macos-x86_64 | 1.4.0 | 307.00 | NOTE | |||
r-oldrel-windows-x86_64 | 1.4.0 | 184.00 | 535.00 | 719.00 | OK |
Version: 1.4.0
Check: CRAN incoming feasibility
Result: NOTE
Maintainer: ‘Eduardo García-Portugués <edgarcia@est-econ.uc3m.es>’
The BugReports field in DESCRIPTION has
https://github.com/egarpor/sphunif
which should likely be
https://github.com/egarpor/sphunif/issues
instead.
Flavors: r-devel-linux-x86_64-debian-clang, r-devel-linux-x86_64-debian-gcc
Version: 1.4.0
Check: Rd cross-references
Result: NOTE
Found the following Rd file(s) with Rd \link{} targets missing package
anchors:
F_from_f.Rd: tang-norm-decomp
Please provide package anchors for all Rd \link{} targets not in the
package itself and the base packages.
Flavors: r-devel-linux-x86_64-debian-clang, r-devel-linux-x86_64-debian-gcc, r-devel-windows-x86_64, r-patched-linux-x86_64, r-release-linux-x86_64, r-release-windows-x86_64
Version: 1.4.0
Check: installed package size
Result: NOTE
installed size is 17.3Mb
sub-directories of 1Mb or more:
libs 16.2Mb
Flavors: r-oldrel-macos-arm64, r-oldrel-macos-x86_64