Last updated on 2025-10-24 04:51:11 CEST.
| Flavor | Version | Tinstall | Tcheck | Ttotal | Status | Flags |
|---|---|---|---|---|---|---|
| r-devel-linux-x86_64-debian-clang | 0.2.2 | 99.99 | 62.77 | 162.76 | OK | |
| r-devel-linux-x86_64-debian-gcc | 0.2.2 | 60.44 | 43.59 | 104.03 | NOTE | |
| r-devel-linux-x86_64-fedora-clang | 0.2.2 | 122.00 | 178.04 | 300.04 | OK | |
| r-devel-linux-x86_64-fedora-gcc | 0.2.2 | 134.00 | 137.16 | 271.16 | OK | |
| r-devel-windows-x86_64 | 0.2.2 | 106.00 | 94.00 | 200.00 | OK | |
| r-patched-linux-x86_64 | 0.2.2 | 96.56 | 56.53 | 153.09 | OK | |
| r-release-linux-x86_64 | 0.2.2 | 98.56 | 57.23 | 155.79 | OK | |
| r-release-macos-arm64 | 0.2.2 | 35.00 | 34.00 | 69.00 | OK | |
| r-release-macos-x86_64 | 0.2.2 | 27.00 | 53.00 | 80.00 | OK | |
| r-release-windows-x86_64 | 0.2.2 | 107.00 | 98.00 | 205.00 | OK | |
| r-oldrel-macos-arm64 | 0.2.2 | 30.00 | 36.00 | 66.00 | NOTE | |
| r-oldrel-macos-x86_64 | 0.2.2 | 34.00 | 67.00 | 101.00 | NOTE | |
| r-oldrel-windows-x86_64 | 0.2.2 | 129.00 | 113.00 | 242.00 | OK |
Version: 0.2.2
Check: Rd files
Result: NOTE
checkRd: (-1) spinBayes-package.Rd:15-19: Only 2 columns allowed in this table (row 2 has 1)
checkRd: (-1) spinBayes-package.Rd:15-19: Only 2 columns allowed in this table (row 5 has 1)
Flavor: r-devel-linux-x86_64-debian-gcc
Version: 0.2.2
Check: installed package size
Result: NOTE
installed size is 6.8Mb
sub-directories of 1Mb or more:
libs 6.2Mb
Flavors: r-oldrel-macos-arm64, r-oldrel-macos-x86_64