Last updated on 2025-10-22 05:51:28 CEST.
Flavor | Version | Tinstall | Tcheck | Ttotal | Status | Flags |
---|---|---|---|---|---|---|
r-devel-linux-x86_64-debian-clang | 0.2.3 | 3.46 | 128.65 | 132.11 | NOTE | |
r-devel-linux-x86_64-debian-gcc | 0.2.3 | 2.64 | 91.26 | 93.90 | NOTE | |
r-devel-linux-x86_64-fedora-clang | 0.2.3 | 191.61 | OK | |||
r-devel-linux-x86_64-fedora-gcc | 0.2.3 | 199.36 | OK | |||
r-devel-windows-x86_64 | 0.2.3 | 5.00 | 133.00 | 138.00 | OK | |
r-patched-linux-x86_64 | 0.2.3 | 4.26 | 123.36 | 127.62 | OK | |
r-release-linux-x86_64 | 0.2.3 | 3.72 | 123.54 | 127.26 | OK | |
r-release-macos-arm64 | 0.2.3 | 2.00 | 51.00 | 53.00 | OK | |
r-release-macos-x86_64 | 0.2.3 | 3.00 | 100.00 | 103.00 | OK | |
r-release-windows-x86_64 | 0.2.3 | 7.00 | 125.00 | 132.00 | OK | |
r-oldrel-macos-arm64 | 0.2.3 | 1.00 | 48.00 | 49.00 | OK | |
r-oldrel-macos-x86_64 | 0.2.3 | 3.00 | 93.00 | 96.00 | OK | |
r-oldrel-windows-x86_64 | 0.2.3 | 6.00 | 165.00 | 171.00 | OK |
Version: 0.2.3
Check: HTML version of manual
Result: NOTE
Found the following HTML validation problems:
spiro_import.html:62:1 (spiro_import.Rd:19): Warning: missing </ul> before </div>
Flavors: r-devel-linux-x86_64-debian-clang, r-devel-linux-x86_64-debian-gcc