Last updated on 2025-10-22 05:51:28 CEST.
Flavor | Version | Tinstall | Tcheck | Ttotal | Status | Flags |
---|---|---|---|---|---|---|
r-devel-linux-x86_64-debian-clang | 0.2.0 | 17.41 | 170.76 | 188.17 | NOTE | |
r-devel-linux-x86_64-debian-gcc | 0.2.0 | 11.74 | 113.70 | 125.44 | NOTE | |
r-devel-linux-x86_64-fedora-clang | 0.2.0 | 52.00 | 240.51 | 292.51 | OK | |
r-devel-linux-x86_64-fedora-gcc | 0.2.0 | 32.00 | 252.59 | 284.59 | OK | |
r-devel-windows-x86_64 | 0.2.0 | 19.00 | 188.00 | 207.00 | OK | |
r-patched-linux-x86_64 | 0.2.0 | 17.79 | 157.26 | 175.05 | OK | |
r-release-linux-x86_64 | 0.2.0 | 15.94 | 157.12 | 173.06 | OK | |
r-release-macos-arm64 | 0.2.0 | 7.00 | 67.00 | 74.00 | OK | |
r-release-macos-x86_64 | 0.2.0 | 12.00 | 128.00 | 140.00 | OK | |
r-release-windows-x86_64 | 0.2.0 | 16.00 | 171.00 | 187.00 | OK | |
r-oldrel-macos-arm64 | 0.2.0 | 6.00 | 61.00 | 67.00 | OK | |
r-oldrel-macos-x86_64 | 0.2.0 | 10.00 | 96.00 | 106.00 | OK | |
r-oldrel-windows-x86_64 | 0.2.0 | 25.00 | 232.00 | 257.00 | OK |
Version: 0.2.0
Check: HTML version of manual
Result: NOTE
Found the following HTML validation problems:
individual_spline.html:79:1 (individual_spline.Rd:27): Warning: missing </ul> before </div>
nodePlot.html:52:1 (nodePlot.Rd:12): Warning: missing </ul> before </div>
rpartco.html:51:1 (rpartco.Rd:12): Warning: missing </ul> before </div>
splineTreePlot.html:51:1 (splineTreePlot.Rd:12): Warning: missing </ul> before </div>
splineforest_split.html:63:1 (splineforest_split.Rd:18): Warning: missing </ul> before </div>
Flavors: r-devel-linux-x86_64-debian-clang, r-devel-linux-x86_64-debian-gcc